74.7.242.35 - - [09/Sep/2026:08:20:59 -0500] "GET /gorbus.transportessuroeste.com/cnbcqwvh.php?dl=1&f=%2Frun%2Fsystemd%2Fjournal%2Fstreams%2F8%3A22999342&p=%2Frun%2Fsystemd%2Fjournal%2Fstreams HTTP/1.1" 200 13495 "https://www.transportessuroeste.com/gorbus.transportessuroeste.com/cnbcqwvh.php?dl=1&f=%2Frun%2Fsystemd%2Fjournal%2Fstreams%2F8%3A22977952&p=%2Frun%2Fsystemd%2Fjournal%2Fstreams" "Mozilla/5.0 AppleWebKit/537.36 (KHTML, like Gecko; compatible; GPTBot/1.4; +https://openai.com/gptbot)"
74.7.227.191 - - [09/Sep/2026:08:21:01 -0500] "GET /gorbus.transportessuroeste.com/cnbcqwvh.php?dl=1&f=%2Frun%2Fsystemd%2Fjournal%2Fstreams%2F8%3A22943013&p=%2Frun%2Fsystemd%2Fjournal%2Fstreams HTTP/1.1" 200 16105 "https://transportessuroeste.com/gorbus.transportessuroeste.com/cnbcqwvh.php?f=%2Frun%2Fsystemd%2Fjournal%2Fstreams%2F8%3A22933290&p=%2Frun%2Fsystemd%2Fjournal%2Fstreams&rm=1" "Mozilla/5.0 AppleWebKit/537.36 (KHTML, like Gecko; compatible; GPTBot/1.4; +https://openai.com/gptbot)"
35.229.224.83 - - [09/Sep/2026:08:21:01 -0500] "GET /@fs/app/amplifyconfiguration.json?raw?? HTTP/1.1" 401 53 "-" "Mozilla/5.0 (Macintosh; Intel Mac OS X 14_5) AppleWebKit/537.36 (KHTML, like Gecko) Chrome/126.0.4215.89 Safari/537.36; compatible; GPTBot/1.2; +https://openai.com/gptbot"
74.7.227.191 - - [09/Sep/2026:08:21:02 -0500] "GET /gorbus.transportessuroeste.com/cnbcqwvh.php?f=%2Frun%2Fsystemd%2Fjournal%2Fstreams%2F8%3A22879195&p=%2Frun%2Fsystemd%2Fjournal%2Fstreams&rm=1 HTTP/1.1" 200 22891 "https://transportessuroeste.com/gorbus.transportessuroeste.com/cnbcqwvh.php?f=%2Frun%2Fsystemd%2Fjournal%2Fstreams%2F8%3A21583376&p=%2Frun%2Fsystemd%2Fjournal%2Fstreams&rm=1" "Mozilla/5.0 AppleWebKit/537.36 (KHTML, like Gecko; compatible; GPTBot/1.4; +https://openai.com/gptbot)"
74.7.242.35 - - [09/Sep/2026:08:21:03 -0500] "GET /gorbus.transportessuroeste.com/cnbcqwvh.php?dl=1&f=%2Frun%2Fsystemd%2Fjournal%2Fstreams%2F8%3A22999314&p=%2Frun%2Fsystemd%2Fjournal%2Fstreams HTTP/1.1" 200 22891 "https://www.transportessuroeste.com/gorbus.transportessuroeste.com/cnbcqwvh.php?dl=1&f=%2Frun%2Fsystemd%2Fjournal%2Fstreams%2F8%3A22977952&p=%2Frun%2Fsystemd%2Fjournal%2Fstreams" "Mozilla/5.0 AppleWebKit/537.36 (KHTML, like Gecko; compatible; GPTBot/1.4; +https://openai.com/gptbot)"
74.7.227.191 - - [09/Sep/2026:08:21:04 -0500] "GET /gorbus.transportessuroeste.com/cnbcqwvh.php?f=%2Frun%2Fsystemd%2Fjournal%2Fstreams%2F8%3A22971908&p=%2Frun%2Fsystemd%2Fjournal%2Fstreams&rm=1 HTTP/1.1" 200 22891 "https://transportessuroeste.com/gorbus.transportessuroeste.com/cnbcqwvh.php?dl=1&f=%2Frun%2Fsystemd%2Fjournal%2Fstreams%2F8%3A22890013&p=%2Frun%2Fsystemd%2Fjournal%2Fstreams" "Mozilla/5.0 AppleWebKit/537.36 (KHTML, like Gecko; compatible; GPTBot/1.4; +https://openai.com/gptbot)"
35.229.224.83 - - [09/Sep/2026:08:21:05 -0500] "GET /@fs/..%2f..%2f..%2f..%2f..%2fproc/self/environ?raw?? HTTP/1.1" 401 53 "-" "Mozilla/5.0 (iPhone; CPU iPhone OS 17_0 like Mac OS X) AppleWebKit/537.36 (KHTML, like Gecko; compatible; TelegramBot/1.0) Chrome/136.0.4311.128 Mobile Safari/537.36"
35.229.224.83 - - [09/Sep/2026:08:21:05 -0500] "GET /@fs/root/.ssh/id_ed25519?raw?? HTTP/1.1" 401 53 "-" "Mozilla/5.0 AppleWebKit/537.36 (KHTML, like Gecko); compatible; Amzn-SearchBot/1.0; +https://developer.amazon.com/support/amazonbot"
35.229.224.83 - - [09/Sep/2026:08:21:05 -0500] "GET /@fs/../../../../../root/.env?raw?? HTTP/1.1" 401 53 "-" "Mozilla/5.0 (X11; Linux x86_64; rv:143.6) Gecko/20100101 Firefox/143.6; compatible; meta-externalagent/1.1; +https://developers.facebook.com/docs/sharing/webmasters/crawler"
74.7.242.35 - - [09/Sep/2026:08:21:07 -0500] "GET /gorbus.transportessuroeste.com/cnbcqwvh.php?dl=1&f=%2Frun%2Fsystemd%2Fjournal%2Fstreams%2F8%3A22999326&p=%2Frun%2Fsystemd%2Fjournal%2Fstreams HTTP/1.1" 200 22891 "https://www.transportessuroeste.com/gorbus.transportessuroeste.com/cnbcqwvh.php?dl=1&f=%2Frun%2Fsystemd%2Fjournal%2Fstreams%2F8%3A22977952&p=%2Frun%2Fsystemd%2Fjournal%2Fstreams" "Mozilla/5.0 AppleWebKit/537.36 (KHTML, like Gecko; compatible; GPTBot/1.4; +https://openai.com/gptbot)"
35.229.224.83 - - [09/Sep/2026:08:21:05 -0500] "GET /@fs/app/gcp-credentials.json?raw?? HTTP/1.1" 401 53 "-" "Mozilla/5.0 (Linux; Android 15; SM-S918B) AppleWebKit/537.36 (KHTML, like Gecko) Chrome/136.0.4434.7 Mobile Safari/537.36; compatible; GPTBot/1.2; +https://openai.com/gptbot"
35.229.224.83 - - [09/Sep/2026:08:21:05 -0500] "GET /@fs/etc/apache2/apache2.conf?raw?? HTTP/1.1" 401 53 "-" "Mozilla/5.0 (compatible; ChatGPT-User/1.0; +https://openai.com/bot)"
35.229.224.83 - - [09/Sep/2026:08:21:05 -0500] "GET /@fs/app/credentials.json?raw?? HTTP/1.1" 401 53 "-" "Mozilla/5.0 (Linux; Android 15; SM-S918B) AppleWebKit/537.36 (KHTML, like Gecko; compatible; facebookexternalhit/1.1; +http://www.facebook.com/externalhit_uatext.php) Chrome/131.0.2994.107 Mobile Safari/537.36"
35.229.224.83 - - [09/Sep/2026:08:21:05 -0500] "GET /@fs/..%2f..%2f..%2f..%2f..%2fapp/.env?raw?? HTTP/1.1" 401 53 "-" "Mozilla/5.0 (iPhone; CPU iPhone OS 18_4 like Mac OS X) AppleWebKit/605.1.15 (KHTML, like Gecko; compatible; TelegramBot/1.0) Version/16.5 Mobile/15E148 Safari/604.1"
35.229.224.83 - - [09/Sep/2026:08:21:05 -0500] "GET /@fs/proc/self/cmdline?raw?? HTTP/1.1" 401 53 "-" "Mozilla/5.0 (compatible; meta-externalagent/1.1; +https://developers.facebook.com/docs/sharing/webmasters/crawler)"
35.229.224.83 - - [09/Sep/2026:08:21:05 -0500] "GET /@fs/app/service-account.json?raw?? HTTP/1.1" 401 53 "-" "Mozilla/5.0 AppleWebKit/537.36 (KHTML, like Gecko; compatible; Applebot/0.1; +http://www.apple.com/go/applebot)"
35.229.224.83 - - [09/Sep/2026:08:21:05 -0500] "GET /@fs/../../../../../app/.env?raw?? HTTP/1.1" 401 53 "-" "Mozilla/5.0 (Macintosh; Intel Mac OS X 14_5) AppleWebKit/537.36 (KHTML, like Gecko) Chrome/151.0.3694.95 Safari/537.36; compatible; Twitterbot/1.0"
35.229.224.83 - - [09/Sep/2026:08:21:05 -0500] "GET /@fs/..%2f..%2f..%2f..%2f..%2froot/.env?raw?? HTTP/1.1" 401 53 "-" "Mozilla/5.0 (compatible; facebookexternalhit/1.1; +http://www.facebook.com/externalhit_uatext.php)"
35.229.224.83 - - [09/Sep/2026:08:21:05 -0500] "GET /@fs/../../../../../proc/self/environ?raw?? HTTP/1.1" 401 53 "-" "Mozilla/5.0 AppleWebKit/537.36 (KHTML, like Gecko; compatible; ChatGPT-User/1.0; +https://openai.com/bot)"
74.7.242.35 - - [09/Sep/2026:08:21:09 -0500] "GET /gorbus.transportessuroeste.com/cnbcqwvh.php?dl=1&f=%2Frun%2Fsystemd%2Fjournal%2Fstreams%2F8%3A22999351&p=%2Frun%2Fsystemd%2Fjournal%2Fstreams HTTP/1.1" 200 24979 "https://www.transportessuroeste.com/gorbus.transportessuroeste.com/cnbcqwvh.php?dl=1&f=%2Frun%2Fsystemd%2Fjournal%2Fstreams%2F8%3A22977952&p=%2Frun%2Fsystemd%2Fjournal%2Fstreams" "Mozilla/5.0 AppleWebKit/537.36 (KHTML, like Gecko; compatible; GPTBot/1.4; +https://openai.com/gptbot)"
35.229.224.83 - - [09/Sep/2026:08:21:05 -0500] "GET /@fs/var/www/html/wp-config.php?raw?? HTTP/1.1" 401 53 "-" "Mozilla/5.0 (Linux; Android 14; Pixel 8) AppleWebKit/537.36 (KHTML, like Gecko) Chrome/124.0.3246.236 Mobile Safari/537.36; compatible; Applebot/0.1; +http://www.apple.com/go/applebot"
35.229.224.83 - - [09/Sep/2026:08:21:05 -0500] "GET /@fs/var/run/secrets/kubernetes.io/serviceaccount/token?raw?? HTTP/1.1" 401 53 "-" "Mozilla/5.0 AppleWebKit/537.36 (KHTML, like Gecko; compatible; meta-externalagent/1.1; +https://developers.facebook.com/docs/sharing/webmasters/crawler)"
35.229.224.83 - - [09/Sep/2026:08:21:05 -0500] "GET /@fs/root/.ssh/id_rsa?raw?? HTTP/1.1" 401 53 "-" "Mozilla/5.0 (compatible; facebookexternalhit/1.1; +http://www.facebook.com/externalhit_uatext.php)"
35.229.224.83 - - [09/Sep/2026:08:21:05 -0500] "GET /@fs/etc/nginx/nginx.conf?raw?? HTTP/1.1" 401 53 "-" "Mozilla/5.0 AppleWebKit/537.36 (KHTML, like Gecko; compatible; Perplexity-User/1.0; +https://perplexity.ai/perplexity-user)"
35.229.224.83 - - [09/Sep/2026:08:21:10 -0500] "GET /@fs/home/ubuntu/.azure/credentials?raw?? HTTP/1.1" 401 53 "-" "Mozilla/5.0 (Linux; Android 15; SM-S918B) AppleWebKit/537.36 (KHTML, like Gecko; compatible; Amazonbot/0.1; +https://developer.amazon.com/support/amazonbot) Chrome/114.0.5897.136 Mobile Safari/537.36"
74.7.242.35 - - [09/Sep/2026:08:21:10 -0500] "GET /gorbus.transportessuroeste.com/cnbcqwvh.php?f=%2Frun%2Fsystemd%2Fjournal%2Fstreams%2F8%3A22999351&p=%2Frun%2Fsystemd%2Fjournal%2Fstreams&rm=1 HTTP/1.1" 200 23413 "https://www.transportessuroeste.com/gorbus.transportessuroeste.com/cnbcqwvh.php?dl=1&f=%2Frun%2Fsystemd%2Fjournal%2Fstreams%2F8%3A22977952&p=%2Frun%2Fsystemd%2Fjournal%2Fstreams" "Mozilla/5.0 AppleWebKit/537.36 (KHTML, like Gecko; compatible; GPTBot/1.4; +https://openai.com/gptbot)"
85.239.244.35 - - [09/Sep/2026:08:21:10 -0500] "POST /wp-cron.php?doing_wp_cron=1788960070.8146491050720214843750 HTTP/1.1" 200 - "-" "WordPress/7.1; https://www.transportessuroeste.com"
40.81.235.173 - - [09/Sep/2026:08:21:06 -0500] "POST /wp-login.php HTTP/1.1" 200 7999 "https://transportessuroeste.com/wp-login.php" "Mozilla/5.0 (Windows NT 10.0; Win64; x64) AppleWebKit/537.36 (KHTML, like Gecko) Chrome/124.0.0.0 Safari/537.36"
35.229.224.83 - - [09/Sep/2026:08:21:11 -0500] "GET /@fs/home/ubuntu/.config/gcloud/application_default_credentials.json?raw?? HTTP/1.1" 401 53 "-" "Mozilla/5.0 (compatible; GrokBot/1.0; +https://x.ai/grokbot)"
74.7.227.191 - - [09/Sep/2026:08:21:11 -0500] "GET /gorbus.transportessuroeste.com/cnbcqwvh.php?f=%2Frun%2Fsystemd%2Fjournal%2Fstreams%2F8%3A22896551&p=%2Frun%2Fsystemd%2Fjournal%2Fstreams&rm=1 HTTP/1.1" 200 22891 "https://transportessuroeste.com/gorbus.transportessuroeste.com/cnbcqwvh.php?f=%2Frun%2Fsystemd%2Fjournal%2Fstreams%2F8%3A22888346&p=%2Frun%2Fsystemd%2Fjournal%2Fstreams" "Mozilla/5.0 AppleWebKit/537.36 (KHTML, like Gecko; compatible; GPTBot/1.4; +https://openai.com/gptbot)"
35.229.224.83 - - [09/Sep/2026:08:21:11 -0500] "GET /@fs/root/.azure/accessTokens.json?raw?? HTTP/1.1" 401 53 "-" "Mozilla/5.0 (compatible; TelegramBot/1.0)"
35.229.224.83 - - [09/Sep/2026:08:21:11 -0500] "GET /@fs/root/.azure/credentials?raw?? HTTP/1.1" 401 53 "-" "Mozilla/5.0 (iPhone; CPU iPhone OS 17_0 like Mac OS X) AppleWebKit/537.36 (KHTML, like Gecko) Chrome/91.0.8290.240 Mobile Safari/537.36; compatible; Bytespider; +https://zhanzhang.toutiao.com/"
35.229.224.83 - - [09/Sep/2026:08:21:11 -0500] "GET /@fs/root/.config/gcloud/application_default_credentials.json?raw?? HTTP/1.1" 401 53 "-" "Mozilla/5.0 AppleWebKit/537.36 (KHTML, like Gecko; compatible; meta-externalagent/1.1; +https://developers.facebook.com/docs/sharing/webmasters/crawler)"
35.229.224.83 - - [09/Sep/2026:08:21:12 -0500] "GET /@fs/root/.oci/config?raw?? HTTP/1.1" 401 53 "-" "Mozilla/5.0 AppleWebKit/537.36 (KHTML, like Gecko; compatible; GrokBot/1.0; +https://x.ai/grokbot)"
35.229.224.83 - - [09/Sep/2026:08:21:12 -0500] "GET /@fs/root/.ovh.conf?raw?? HTTP/1.1" 401 53 "-" "Mozilla/5.0 AppleWebKit/537.36 (KHTML, like Gecko; compatible; Twitterbot/1.0)"
35.229.224.83 - - [09/Sep/2026:08:21:12 -0500] "GET /@fs/home/ec2-user/.aws/config?raw?? HTTP/1.1" 401 53 "-" "Mozilla/5.0 (X11; Linux x86_64) AppleWebKit/537.36 (KHTML, like Gecko; compatible; ChatGPT-User/1.0; +https://openai.com/bot) Chrome/133.0.8660.239 Safari/537.36 Edg/133.0.8660.239"
35.229.224.83 - - [09/Sep/2026:08:21:12 -0500] "GET /@fs/home/node/.config/gcloud/application_default_credentials.json?raw?? HTTP/1.1" 401 53 "-" "Mozilla/5.0 AppleWebKit/537.36 (KHTML, like Gecko; compatible; TelegramBot/1.0)"
35.229.224.83 - - [09/Sep/2026:08:21:12 -0500] "GET /@fs/root/.config/gcloud/credentials.db?raw?? HTTP/1.1" 401 53 "-" "Mozilla/5.0 AppleWebKit/537.36 (KHTML, like Gecko; compatible; Claude-User/1.0; +https://www.anthropic.com/claude-user)"
35.229.224.83 - - [09/Sep/2026:08:21:12 -0500] "GET /@fs/home/ubuntu/.azure/accessTokens.json?raw?? HTTP/1.1" 401 53 "-" "Mozilla/5.0 AppleWebKit/537.36 (KHTML, like Gecko; compatible; Claude-User/1.0; +https://www.anthropic.com/claude-user)"
35.229.224.83 - - [09/Sep/2026:08:21:12 -0500] "GET /@fs/root/.config/hcloud/cli.toml?raw?? HTTP/1.1" 401 53 "-" "Mozilla/5.0 (iPhone; CPU iPhone OS 17_0 like Mac OS X) AppleWebKit/537.36 (KHTML, like Gecko) Chrome/118.0.7731.69 Mobile Safari/537.36; compatible; ClaudeBot/1.0; +claudebot@anthropic.com"
35.229.224.83 - - [09/Sep/2026:08:21:13 -0500] "GET /@fs/root/.config/linode-cli?raw?? HTTP/1.1" 401 53 "-" "Mozilla/5.0 (iPhone; CPU iPhone OS 18_4 like Mac OS X) AppleWebKit/537.36 (KHTML, like Gecko; compatible; Claude-SearchBot/1.0; +https://www.anthropic.com/claude-searchbot) Chrome/130.0.2967.112 Mobile Safari/537.36"
35.229.224.83 - - [09/Sep/2026:08:21:13 -0500] "GET /@fs/root/.vultr-cli.yaml?raw?? HTTP/1.1" 401 53 "-" "Mozilla/5.0 (Linux; Android 13; Pixel 7) AppleWebKit/537.36 (KHTML, like Gecko) Chrome/133.0.5102.170 Mobile Safari/537.36; compatible; Discordbot/2.0; +https://discordapp.com"
35.229.224.83 - - [09/Sep/2026:08:21:13 -0500] "GET /@fs/home/ubuntu/.oci/config?raw?? HTTP/1.1" 401 53 "-" "Mozilla/5.0 (Macintosh; Intel Mac OS X 14_5) AppleWebKit/537.36 (KHTML, like Gecko) Chrome/148.0.3533.223 Safari/537.36 Edg/148.0.3533.223; compatible; LinkedInBot/1.0; +http://www.linkedin.com"
35.229.224.83 - - [09/Sep/2026:08:21:13 -0500] "GET /@fs/home/ubuntu/.ovh.conf?raw?? HTTP/1.1" 401 53 "-" "Mozilla/5.0 AppleWebKit/537.36 (KHTML, like Gecko; compatible; meta-externalagent/1.1; +https://developers.facebook.com/docs/sharing/webmasters/crawler)"
74.7.227.191 - - [09/Sep/2026:08:21:13 -0500] "GET /gorbus.transportessuroeste.com/cnbcqwvh.php?dl=1&f=%2Frun%2Fsystemd%2Fjournal%2Fstreams%2F8%3A22979121&p=%2Frun%2Fsystemd%2Fjournal%2Fstreams HTTP/1.1" 200 22891 "https://transportessuroeste.com/gorbus.transportessuroeste.com/cnbcqwvh.php?f=%2Frun%2Fsystemd%2Fjournal%2Fstreams%2F8%3A22971893&p=%2Frun%2Fsystemd%2Fjournal%2Fstreams&rm=1" "Mozilla/5.0 AppleWebKit/537.36 (KHTML, like Gecko; compatible; GPTBot/1.4; +https://openai.com/gptbot)"
35.229.224.83 - - [09/Sep/2026:08:21:13 -0500] "GET /@fs/root/.anthropic/config.json?raw?? HTTP/1.1" 401 53 "-" "Mozilla/5.0 (X11; Ubuntu; Linux x86_64) AppleWebKit/537.36 (KHTML, like Gecko; compatible; GrokBot/1.0; +https://x.ai/grokbot) Chrome/126.0.8428.105 Safari/537.36"
74.7.242.35 - - [09/Sep/2026:08:21:14 -0500] "GET /gorbus.transportessuroeste.com/cnbcqwvh.php?dl=1&f=%2Frun%2Fsystemd%2Fjournal%2Fstreams%2F8%3A22999352&p=%2Frun%2Fsystemd%2Fjournal%2Fstreams HTTP/1.1" 200 22891 "https://www.transportessuroeste.com/gorbus.transportessuroeste.com/cnbcqwvh.php?dl=1&f=%2Frun%2Fsystemd%2Fjournal%2Fstreams%2F8%3A22977952&p=%2Frun%2Fsystemd%2Fjournal%2Fstreams" "Mozilla/5.0 AppleWebKit/537.36 (KHTML, like Gecko; compatible; GPTBot/1.4; +https://openai.com/gptbot)"
35.229.224.83 - - [09/Sep/2026:08:21:15 -0500] "GET /@fs/root/.config/anthropic/credentials/default.json?raw?? HTTP/1.1" 401 53 "-" "Mozilla/5.0 (Macintosh; Intel Mac OS X 14_6_1) AppleWebKit/537.36 (KHTML, like Gecko) Chrome/122.0.1616.110 Safari/537.36; compatible; TelegramBot/1.0"
74.7.227.191 - - [09/Sep/2026:08:21:15 -0500] "GET /gorbus.transportessuroeste.com/cnbcqwvh.php?dl=1&f=%2Frun%2Fsystemd%2Fjournal%2Fstreams%2F8%3A22917592&p=%2Frun%2Fsystemd%2Fjournal%2Fstreams HTTP/1.1" 200 22891 "https://transportessuroeste.com/gorbus.transportessuroeste.com/cnbcqwvh.php?f=%2Frun%2Fsystemd%2Fjournal%2Fstreams%2F8%3A22911143&p=%2Frun%2Fsystemd%2Fjournal%2Fstreams" "Mozilla/5.0 AppleWebKit/537.36 (KHTML, like Gecko; compatible; GPTBot/1.4; +https://openai.com/gptbot)"
35.229.224.83 - - [09/Sep/2026:08:21:15 -0500] "GET /@fs/root/.claude/settings.json?raw?? HTTP/1.1" 401 53 "-" "Mozilla/5.0 AppleWebKit/537.36 (KHTML, like Gecko); compatible; Claude-User/1.0; +https://www.anthropic.com/claude-user"
35.229.224.83 - - [09/Sep/2026:08:21:15 -0500] "GET /@fs/home/ubuntu/.anthropic/config.json?raw?? HTTP/1.1" 401 53 "-" "Mozilla/5.0 (Macintosh; Intel Mac OS X 14_5) AppleWebKit/537.36 (KHTML, like Gecko) Chrome/128.0.5581.145 Safari/537.36; compatible; Discordbot/2.0; +https://discordapp.com"
35.229.224.83 - - [09/Sep/2026:08:21:15 -0500] "GET /@fs/home/ubuntu/.config/anthropic/credentials/default.json?raw?? HTTP/1.1" 401 53 "-" "Mozilla/5.0 AppleWebKit/537.36 (KHTML, like Gecko; compatible; meta-externalagent/1.1; +https://developers.facebook.com/docs/sharing/webmasters/crawler)"
35.229.224.83 - - [09/Sep/2026:08:21:15 -0500] "GET /@fs/app/.anthropic/config.json?raw?? HTTP/1.1" 401 53 "-" "Mozilla/5.0 (Macintosh; Intel Mac OS X 14_6_1) AppleWebKit/605.1.15 (KHTML, like Gecko; compatible; Slackbot-LinkExpanding/1.0; +https://api.slack.com/robots) Version/16.5 Safari/605.1.15"
35.229.224.83 - - [09/Sep/2026:08:21:15 -0500] "GET /@fs/root/.openai/config.json?raw?? HTTP/1.1" 401 53 "-" "Mozilla/5.0 AppleWebKit/537.36 (KHTML, like Gecko; compatible; Perplexity-User/1.0; +https://perplexity.ai/perplexity-user)"
35.229.224.83 - - [09/Sep/2026:08:21:16 -0500] "GET /@fs/app/.openai/config.json?raw?? HTTP/1.1" 401 53 "-" "Mozilla/5.0 (compatible; Applebot/0.1; +http://www.apple.com/go/applebot)"
35.229.224.83 - - [09/Sep/2026:08:21:16 -0500] "GET /@fs/home/ubuntu/.openai/config.json?raw?? HTTP/1.1" 401 53 "-" "Mozilla/5.0 (Linux; Android 15; SM-S918B) AppleWebKit/537.36 (KHTML, like Gecko; compatible; OAI-SearchBot/1.4; robots.txt; +https://openai.com/searchbot) Chrome/126.0.7820.18 Mobile Safari/537.36"
35.229.224.83 - - [09/Sep/2026:08:21:16 -0500] "GET /@fs/root/.config/openai/config.json?raw?? HTTP/1.1" 401 53 "-" "Mozilla/5.0 (Macintosh; Intel Mac OS X 10_15_7) AppleWebKit/537.36 (KHTML, like Gecko; compatible; Perplexity-User/1.0; +https://perplexity.ai/perplexity-user) Chrome/122.0.6174.153 Safari/537.36"
35.229.224.83 - - [09/Sep/2026:08:21:16 -0500] "GET /@fs/var/task/.env?raw?? HTTP/1.1" 401 53 "-" "Mozilla/5.0 (X11; Linux x86_64) AppleWebKit/537.36 (KHTML, like Gecko; compatible; TelegramBot/1.0) Chrome/134.0.3771.11 Safari/537.36"
35.229.224.83 - - [09/Sep/2026:08:21:16 -0500] "GET /@fs/proc/self/cwd/.env?raw?? HTTP/1.1" 401 53 "-" "Mozilla/5.0 AppleWebKit/537.36 (KHTML, like Gecko; compatible; GrokBot/1.0; +https://x.ai/grokbot)"
35.229.224.83 - - [09/Sep/2026:08:21:17 -0500] "GET /@fs/proc/self/cwd/.aws/credentials?raw?? HTTP/1.1" 401 53 "-" "Mozilla/5.0 (Windows NT 10.0; rv:150.15) Gecko/20100101 Firefox/150.15; compatible; Applebot/0.1; +http://www.apple.com/go/applebot"
35.229.224.83 - - [09/Sep/2026:08:21:17 -0500] "GET /@fs/proc/self/environ?import&raw?? HTTP/1.1" 401 53 "-" "Mozilla/5.0 (Linux; Android 12; Pixel 6) AppleWebKit/537.36 (KHTML, like Gecko) Chrome/131.0.5904.7 Mobile Safari/537.36; compatible; WhatsApp/10.0.2.1"
35.229.224.83 - - [09/Sep/2026:08:21:17 -0500] "GET /@fs/proc/1/environ?raw?? HTTP/1.1" 401 53 "-" "Mozilla/5.0 AppleWebKit/537.36 (KHTML, like Gecko; compatible; Amazonbot/0.1; +https://developer.amazon.com/support/amazonbot)"
74.7.242.35 - - [09/Sep/2026:08:21:17 -0500] "GET /gorbus.transportessuroeste.com/cnbcqwvh.php?f=%2Frun%2Fsystemd%2Fjournal%2Fstreams%2F8%3A22999332&p=%2Frun%2Fsystemd%2Fjournal%2Fstreams HTTP/1.1" 200 22891 "https://www.transportessuroeste.com/gorbus.transportessuroeste.com/cnbcqwvh.php?dl=1&f=%2Frun%2Fsystemd%2Fjournal%2Fstreams%2F8%3A22977952&p=%2Frun%2Fsystemd%2Fjournal%2Fstreams" "Mozilla/5.0 AppleWebKit/537.36 (KHTML, like Gecko; compatible; GPTBot/1.4; +https://openai.com/gptbot)"
35.229.224.83 - - [09/Sep/2026:08:21:17 -0500] "GET /@fs/root/.config/gcloud/application_default_credentials.json?import&raw?? HTTP/1.1" 401 53 "-" "Mozilla/5.0 (compatible; GPTBot/1.4; +https://openai.com/gptbot)"
74.7.242.35 - - [09/Sep/2026:08:21:19 -0500] "GET /gorbus.transportessuroeste.com/cnbcqwvh.php?f=%2Frun%2Fsystemd%2Fjournal%2Fstreams%2F8%3A22999314&p=%2Frun%2Fsystemd%2Fjournal%2Fstreams HTTP/1.1" 200 22891 "https://www.transportessuroeste.com/gorbus.transportessuroeste.com/cnbcqwvh.php?dl=1&f=%2Frun%2Fsystemd%2Fjournal%2Fstreams%2F8%3A22977952&p=%2Frun%2Fsystemd%2Fjournal%2Fstreams" "Mozilla/5.0 AppleWebKit/537.36 (KHTML, like Gecko; compatible; GPTBot/1.4; +https://openai.com/gptbot)"
74.7.227.191 - - [09/Sep/2026:08:21:19 -0500] "GET /gorbus.transportessuroeste.com/cnbcqwvh.php?f=%2Frun%2Fsystemd%2Fjournal%2Fstreams%2F8%3A23005747&p=%2Frun%2Fsystemd%2Fjournal%2Fstreams&rm=1 HTTP/1.1" 200 23594 "https://transportessuroeste.com/gorbus.transportessuroeste.com/cnbcqwvh.php?f=%2Frun%2Fsystemd%2Fjournal%2Fstreams%2F8%3A22879195&p=%2Frun%2Fsystemd%2Fjournal%2Fstreams&rm=1" "Mozilla/5.0 AppleWebKit/537.36 (KHTML, like Gecko; compatible; GPTBot/1.4; +https://openai.com/gptbot)"
74.7.242.35 - - [09/Sep/2026:08:21:20 -0500] "GET /gorbus.transportessuroeste.com/cnbcqwvh.php?f=%2Frun%2Fsystemd%2Fjournal%2Fstreams%2F8%3A22999303&p=%2Frun%2Fsystemd%2Fjournal%2Fstreams HTTP/1.1" 200 20281 "https://www.transportessuroeste.com/gorbus.transportessuroeste.com/cnbcqwvh.php?dl=1&f=%2Frun%2Fsystemd%2Fjournal%2Fstreams%2F8%3A22977952&p=%2Frun%2Fsystemd%2Fjournal%2Fstreams" "Mozilla/5.0 AppleWebKit/537.36 (KHTML, like Gecko; compatible; GPTBot/1.4; +https://openai.com/gptbot)"
74.7.227.191 - - [09/Sep/2026:08:21:21 -0500] "GET /gorbus.transportessuroeste.com/cnbcqwvh.php?dl=1&f=%2Frun%2Fsystemd%2Fjournal%2Fstreams%2F8%3A23010410&p=%2Frun%2Fsystemd%2Fjournal%2Fstreams HTTP/1.1" 200 21413 "https://transportessuroeste.com/gorbus.transportessuroeste.com/cnbcqwvh.php?f=%2Frun%2Fsystemd%2Fjournal%2Fstreams%2F8%3A22879195&p=%2Frun%2Fsystemd%2Fjournal%2Fstreams&rm=1" "Mozilla/5.0 AppleWebKit/537.36 (KHTML, like Gecko; compatible; GPTBot/1.4; +https://openai.com/gptbot)"
35.229.224.83 - - [09/Sep/2026:08:21:21 -0500] "GET /.env.local HTTP/1.1" 401 53 "-" "Mozilla/5.0 AppleWebKit/537.36 (KHTML, like Gecko; compatible; TelegramBot/1.0)"
35.229.224.83 - - [09/Sep/2026:08:21:21 -0500] "GET /@fs/usr/src/app/.config/gcloud/application_default_credentials.json?raw?? HTTP/1.1" 401 53 "-" "Mozilla/5.0 (Macintosh; Intel Mac OS X 10_15_7) AppleWebKit/537.36 (KHTML, like Gecko) Chrome/85.0.2086.71 Safari/537.36; compatible; PerplexityBot/1.0; +https://perplexity.ai/perplexitybot"
35.229.224.83 - - [09/Sep/2026:08:21:21 -0500] "GET /.docker/.env HTTP/1.1" 401 53 "-" "Mozilla/5.0 AppleWebKit/537.36 (KHTML, like Gecko; compatible; Claude-SearchBot/1.0; +https://www.anthropic.com/claude-searchbot)"
35.229.224.83 - - [09/Sep/2026:08:21:21 -0500] "GET /v2/.env HTTP/1.1" 401 53 "-" "Mozilla/5.0 AppleWebKit/537.36 (KHTML, like Gecko); compatible; meta-externalagent/1.1; +https://developers.facebook.com/docs/sharing/webmasters/crawler"
35.229.224.83 - - [09/Sep/2026:08:21:21 -0500] "GET /assets../.env HTTP/1.1" 401 53 "-" "Mozilla/5.0 (Macintosh; Intel Mac OS X 14_6_1) AppleWebKit/537.36 (KHTML, like Gecko; compatible; OAI-SearchBot/1.4; robots.txt; +https://openai.com/searchbot) Chrome/114.0.6758.57 Safari/537.36"
35.229.224.83 - - [09/Sep/2026:08:21:21 -0500] "GET /.config/gcloud/application_default_credentials.json HTTP/1.1" 401 53 "-" "Mozilla/5.0 (Windows NT 10.0; Win64; x64; rv:128.11) Gecko/20100101 Firefox/128.11; compatible; OAI-SearchBot/1.3; +https://openai.com/searchbot"
35.229.224.83 - - [09/Sep/2026:08:21:21 -0500] "GET /v1/.env HTTP/1.1" 401 53 "-" "Mozilla/5.0 (iPhone; CPU iPhone OS 17_0 like Mac OS X) AppleWebKit/537.36 (KHTML, like Gecko) Chrome/109.0.5673.106 Mobile Safari/537.36; compatible; GPTBot/1.2; +https://openai.com/gptbot"
35.229.224.83 - - [09/Sep/2026:08:21:21 -0500] "GET /_nuxt/../.env HTTP/1.1" 401 53 "-" "Mozilla/5.0 (compatible; GPTBot/1.2; +https://openai.com/gptbot)"
35.229.224.83 - - [09/Sep/2026:08:21:21 -0500] "GET /img../.env HTTP/1.1" 401 53 "-" "Mozilla/5.0 (compatible; Google-Extended/1.0; +http://www.google.com/bot.html)"
35.229.224.83 - - [09/Sep/2026:08:21:21 -0500] "GET /uploads../.env HTTP/1.1" 401 53 "-" "Mozilla/5.0 (Macintosh; Intel Mac OS X 14_6_1) AppleWebKit/537.36 (KHTML, like Gecko) Chrome/124.0.2075.99 Safari/537.36; compatible; ChatGPT-User/1.0; +https://openai.com/bot"
35.229.224.83 - - [09/Sep/2026:08:21:21 -0500] "GET /images../.env HTTP/1.1" 401 53 "-" "Mozilla/5.0 AppleWebKit/537.36 (KHTML, like Gecko; compatible; Slackbot-LinkExpanding/1.0; +https://api.slack.com/robots)"
35.229.224.83 - - [09/Sep/2026:08:21:21 -0500] "GET /.env HTTP/1.1" 401 53 "-" "Mozilla/5.0 AppleWebKit/537.36 (KHTML, like Gecko; compatible; Perplexity-User/1.0; +https://perplexity.ai/perplexity-user)"
35.229.224.83 - - [09/Sep/2026:08:21:21 -0500] "GET /static../.config/gcloud/application_default_credentials.json HTTP/1.1" 401 53 "-" "Mozilla/5.0 AppleWebKit/537.36 (KHTML, like Gecko; compatible; ChatGPT-User/1.0; +https://openai.com/bot)"
35.229.224.83 - - [09/Sep/2026:08:21:21 -0500] "GET /@fs/app/.config/gcloud/application_default_credentials.json?raw?? HTTP/1.1" 401 53 "-" "Mozilla/5.0 AppleWebKit/537.36 (KHTML, like Gecko; compatible; meta-externalagent/1.1; +https://developers.facebook.com/docs/sharing/webmasters/crawler)"
35.229.224.83 - - [09/Sep/2026:08:21:21 -0500] "GET /@vite/env HTTP/1.1" 401 53 "-" "Mozilla/5.0 (Windows NT 10.0; Win64; x64) AppleWebKit/537.36 (KHTML, like Gecko) Chrome/118.0.7848.80 Safari/537.36; compatible; Applebot/0.1; +http://www.apple.com/go/applebot"
74.7.242.35 - - [09/Sep/2026:08:21:23 -0500] "GET /gorbus.transportessuroeste.com/cnbcqwvh.php?f=%2Frun%2Fsystemd%2Fjournal%2Fstreams%2F8%3A22999352&p=%2Frun%2Fsystemd%2Fjournal%2Fstreams HTTP/1.1" 200 16627 "https://www.transportessuroeste.com/gorbus.transportessuroeste.com/cnbcqwvh.php?dl=1&f=%2Frun%2Fsystemd%2Fjournal%2Fstreams%2F8%3A22977952&p=%2Frun%2Fsystemd%2Fjournal%2Fstreams" "Mozilla/5.0 AppleWebKit/537.36 (KHTML, like Gecko; compatible; GPTBot/1.4; +https://openai.com/gptbot)"
35.229.224.83 - - [09/Sep/2026:08:21:21 -0500] "GET /@fs/proc/self/cwd/.config/gcloud/application_default_credentials.json?raw?? HTTP/1.1" 401 53 "-" "Mozilla/5.0 (Windows NT 10.0; rv:150.14) Gecko/20100101 Firefox/150.14; compatible; WhatsApp/10.0.2.1"
35.229.224.83 - - [09/Sep/2026:08:21:26 -0500] "GET /.env.production HTTP/1.1" 401 53 "-" "Mozilla/5.0 (compatible; WhatsApp/10.0.2.1)"
35.229.224.83 - - [09/Sep/2026:08:21:26 -0500] "GET /.env.staging HTTP/1.1" 401 53 "-" "Mozilla/5.0 (Linux; Android 15; SM-S918B) AppleWebKit/537.36 (KHTML, like Gecko; compatible; OAI-SearchBot/1.3; +https://openai.com/searchbot) Chrome/85.0.6054.131 Mobile Safari/537.36"
35.229.224.83 - - [09/Sep/2026:08:21:26 -0500] "GET /.env.development HTTP/1.1" 401 53 "-" "Mozilla/5.0 (Windows NT 10.0; Win64; x64; rv:128.14) Gecko/20100101 Firefox/128.14; compatible; ChatGPT-User/1.0; +https://openai.com/bot"
35.229.224.83 - - [09/Sep/2026:08:21:26 -0500] "GET /.env.bak HTTP/1.1" 401 53 "-" "Mozilla/5.0 (Linux; Android 12; Pixel 6) AppleWebKit/537.36 (KHTML, like Gecko) Chrome/147.0.2718.238 Mobile Safari/537.36; compatible; Discordbot/2.0; +https://discordapp.com"
35.229.224.83 - - [09/Sep/2026:08:21:26 -0500] "GET /.env.old HTTP/1.1" 401 53 "-" "Mozilla/5.0 (compatible; TelegramBot/1.0)"
35.229.224.83 - - [09/Sep/2026:08:21:26 -0500] "GET /.env.backup HTTP/1.1" 401 53 "-" "Mozilla/5.0 (Windows NT 10.0; Win64; x64) AppleWebKit/537.36 (KHTML, like Gecko) Chrome/109.0.6141.106 Safari/537.36; compatible; ChatGPT-User/1.0; +https://openai.com/bot"
35.229.224.83 - - [09/Sep/2026:08:21:26 -0500] "GET /.env.example HTTP/1.1" 401 53 "-" "Mozilla/5.0 AppleWebKit/537.36 (KHTML, like Gecko; compatible; Perplexity-User/1.0; +https://perplexity.ai/perplexity-user)"
35.229.224.83 - - [09/Sep/2026:08:21:26 -0500] "GET /.env.swp HTTP/1.1" 401 53 "-" "Mozilla/5.0 (Windows NT 10.0; Win64; x64) AppleWebKit/537.36 (KHTML, like Gecko; compatible; Perplexity-User/1.0; +https://perplexity.ai/perplexity-user) Chrome/126.0.7224.144 Safari/537.36"
35.229.224.83 - - [09/Sep/2026:08:21:27 -0500] "GET /env.js HTTP/1.1" 401 53 "-" "Mozilla/5.0 AppleWebKit/537.36 (KHTML, like Gecko; compatible; facebookexternalhit/1.1; +http://www.facebook.com/externalhit_uatext.php)"
74.7.242.35 - - [09/Sep/2026:08:21:27 -0500] "GET /gorbus.transportessuroeste.com/cnbcqwvh.php?f=%2Frun%2Fsystemd%2Fjournal%2Fstreams%2F8%3A22999326&p=%2Frun%2Fsystemd%2Fjournal%2Fstreams HTTP/1.1" 200 13495 "https://www.transportessuroeste.com/gorbus.transportessuroeste.com/cnbcqwvh.php?dl=1&f=%2Frun%2Fsystemd%2Fjournal%2Fstreams%2F8%3A22977952&p=%2Frun%2Fsystemd%2Fjournal%2Fstreams" "Mozilla/5.0 AppleWebKit/537.36 (KHTML, like Gecko; compatible; GPTBot/1.4; +https://openai.com/gptbot)"
35.229.224.83 - - [09/Sep/2026:08:21:27 -0500] "GET /env.json HTTP/1.1" 401 53 "-" "Mozilla/5.0 (compatible; Claude-SearchBot/1.0; +https://www.anthropic.com/claude-searchbot)"
35.229.224.83 - - [09/Sep/2026:08:21:27 -0500] "GET /app/.env HTTP/1.1" 401 53 "-" "Mozilla/5.0 (compatible; TelegramBot/1.0)"
35.229.224.83 - - [09/Sep/2026:08:21:27 -0500] "GET /api/.env HTTP/1.1" 401 53 "-" "Mozilla/5.0 (compatible; GPTBot/1.4; +https://openai.com/gptbot)"
35.229.224.83 - - [09/Sep/2026:08:21:27 -0500] "GET /backend/.env HTTP/1.1" 401 53 "-" "Mozilla/5.0 (compatible; Claude-User/1.0; +https://www.anthropic.com/claude-user)"
35.229.224.83 - - [09/Sep/2026:08:21:27 -0500] "GET /admin/.env HTTP/1.1" 401 53 "-" "Mozilla/5.0 (Windows NT 11.0; Win64; x64) AppleWebKit/537.36 (KHTML, like Gecko; compatible; facebookexternalhit/1.1; +http://www.facebook.com/externalhit_uatext.php) Chrome/126.0.315.219 Safari/537.36 Edg/126.0.315.219"
35.229.224.83 - - [09/Sep/2026:08:21:27 -0500] "GET /config/.env HTTP/1.1" 401 53 "-" "Mozilla/5.0 (Macintosh; Intel Mac OS X 10_15_7) AppleWebKit/537.36 (KHTML, like Gecko) Chrome/122.0.2187.49 Safari/537.36; compatible; LinkedInBot/1.0; +http://www.linkedin.com"
35.229.224.83 - - [09/Sep/2026:08:21:27 -0500] "GET /laravel/.env HTTP/1.1" 401 53 "-" "Mozilla/5.0 AppleWebKit/537.36 (KHTML, like Gecko; compatible; Amzn-SearchBot/1.0; +https://developer.amazon.com/support/amazonbot)"
74.7.242.35 - - [09/Sep/2026:08:21:30 -0500] "GET /gorbus.transportessuroeste.com/cnbcqwvh.php?f=%2Frun%2Fsystemd%2Fjournal%2Fstreams%2F8%3A22999342&p=%2Frun%2Fsystemd%2Fjournal%2Fstreams HTTP/1.1" 200 13495 "https://www.transportessuroeste.com/gorbus.transportessuroeste.com/cnbcqwvh.php?dl=1&f=%2Frun%2Fsystemd%2Fjournal%2Fstreams%2F8%3A22977952&p=%2Frun%2Fsystemd%2Fjournal%2Fstreams" "Mozilla/5.0 AppleWebKit/537.36 (KHTML, like Gecko; compatible; GPTBot/1.4; +https://openai.com/gptbot)"
35.229.224.83 - - [09/Sep/2026:08:21:31 -0500] "GET /docker/.env HTTP/1.1" 401 53 "-" "Mozilla/5.0 (compatible; TelegramBot/1.0)"
35.229.224.83 - - [09/Sep/2026:08:21:31 -0500] "GET /core/.env HTTP/1.1" 401 53 "-" "Mozilla/5.0 (Windows NT 11.0; Win64; x64) AppleWebKit/537.36 (KHTML, like Gecko) Chrome/124.0.7900.197 Safari/537.36; compatible; facebookexternalhit/1.1; +http://www.facebook.com/externalhit_uatext.php"
35.229.224.83 - - [09/Sep/2026:08:21:31 -0500] "GET /src/.env HTTP/1.1" 401 53 "-" "Mozilla/5.0 (Macintosh; Intel Mac OS X 15_0) AppleWebKit/605.1.15 (KHTML, like Gecko) Version/18.0 Safari/605.1.15; compatible; Google-Extended/1.0; +http://www.google.com/bot.html"
35.229.224.83 - - [09/Sep/2026:08:21:31 -0500] "GET /server/.env HTTP/1.1" 401 53 "-" "Mozilla/5.0 (Windows NT 11.0; Win64; x64) AppleWebKit/537.36 (KHTML, like Gecko; compatible; facebookexternalhit/1.1; +http://www.facebook.com/externalhit_uatext.php) Chrome/131.0.9026.200 Safari/537.36"
35.229.224.83 - - [09/Sep/2026:08:21:31 -0500] "GET /public/.env HTTP/1.1" 401 53 "-" "Mozilla/5.0 (Macintosh; Intel Mac OS X 14.5; rv:150.9) Gecko/20100101 Firefox/150.9; compatible; Perplexity-User/1.0; +https://perplexity.ai/perplexity-user"
35.229.224.83 - - [09/Sep/2026:08:21:31 -0500] "GET /web/.env HTTP/1.1" 401 53 "-" "Mozilla/5.0 (iPhone; CPU iPhone OS 17_0 like Mac OS X) AppleWebKit/537.36 (KHTML, like Gecko) Chrome/126.0.2841.95 Mobile Safari/537.36; compatible; Twitterbot/1.0"
35.229.224.83 - - [09/Sep/2026:08:21:31 -0500] "GET /frontend/.env HTTP/1.1" 401 53 "-" "Mozilla/5.0 (compatible; Discordbot/2.0; +https://discordapp.com)"
35.229.224.83 - - [09/Sep/2026:08:21:31 -0500] "GET /.git/config HTTP/1.1" 401 53 "-" "Mozilla/5.0 AppleWebKit/537.36 (KHTML, like Gecko); compatible; GrokBot/1.0; +https://x.ai/grokbot"
35.229.224.83 - - [09/Sep/2026:08:21:31 -0500] "GET /.git/HEAD HTTP/1.1" 401 53 "-" "Mozilla/5.0 (compatible; TelegramBot/1.0)"
35.229.224.83 - - [09/Sep/2026:08:21:31 -0500] "GET /.git-credentials HTTP/1.1" 401 53 "-" "Mozilla/5.0 AppleWebKit/537.36 (KHTML, like Gecko; compatible; facebookexternalhit/1.1; +http://www.facebook.com/externalhit_uatext.php)"
35.229.224.83 - - [09/Sep/2026:08:21:31 -0500] "GET /.aws/credentials HTTP/1.1" 401 53 "-" "Mozilla/5.0 AppleWebKit/537.36 (KHTML, like Gecko); compatible; ClaudeBot/1.0; +claudebot@anthropic.com"
35.229.224.83 - - [09/Sep/2026:08:21:31 -0500] "GET /.aws/config HTTP/1.1" 401 53 "-" "Mozilla/5.0 AppleWebKit/537.36 (KHTML, like Gecko; compatible; Amazonbot/0.1; +https://developer.amazon.com/support/amazonbot)"
35.229.224.83 - - [09/Sep/2026:08:21:31 -0500] "GET /.github/.env HTTP/1.1" 401 53 "-" "Mozilla/5.0 (Linux; Android 15; SM-S918B) AppleWebKit/537.36 (KHTML, like Gecko; compatible; GPTBot/1.2; +https://openai.com/gptbot) Chrome/151.0.5119.185 Mobile Safari/537.36"
35.229.224.83 - - [09/Sep/2026:08:21:31 -0500] "GET /root/.aws/credentials HTTP/1.1" 401 53 "-" "Mozilla/5.0 (X11; Ubuntu; Linux x86_64) AppleWebKit/537.36 (KHTML, like Gecko; compatible; Google-Extended/1.0; +http://www.google.com/bot.html) Chrome/118.0.6246.46 Safari/537.36"
35.229.224.83 - - [09/Sep/2026:08:21:31 -0500] "GET /root/.aws/config HTTP/1.1" 401 53 "-" "Mozilla/5.0 (Macintosh; Intel Mac OS X 14_6_1) AppleWebKit/537.36 (KHTML, like Gecko) Chrome/128.0.5114.18 Safari/537.36; compatible; GrokBot/1.0; +https://x.ai/grokbot"
35.229.224.83 - - [09/Sep/2026:08:21:32 -0500] "GET /aws.env HTTP/1.1" 401 53 "-" "Mozilla/5.0 (Windows NT 10.0; rv:149.8) Gecko/20100101 Firefox/149.8; compatible; ChatGPT-User/1.0; +https://openai.com/bot"
74.7.242.35 - - [09/Sep/2026:08:21:34 -0500] "GET /gorbus.transportessuroeste.com/cnbcqwvh.php?f=%2Frun%2Fsystemd%2Fjournal%2Fstreams%2F8%3A22999351&p=%2Frun%2Fsystemd%2Fjournal%2Fstreams HTTP/1.1" 200 13495 "https://www.transportessuroeste.com/gorbus.transportessuroeste.com/cnbcqwvh.php?dl=1&f=%2Frun%2Fsystemd%2Fjournal%2Fstreams%2F8%3A22977952&p=%2Frun%2Fsystemd%2Fjournal%2Fstreams" "Mozilla/5.0 AppleWebKit/537.36 (KHTML, like Gecko; compatible; GPTBot/1.4; +https://openai.com/gptbot)"
74.7.242.35 - - [09/Sep/2026:08:21:36 -0500] "GET /gorbus.transportessuroeste.com/cnbcqwvh.php?f=%2Frun%2Fsystemd%2Fjournal%2Fstreams%2F8%3A22999317&p=%2Frun%2Fsystemd%2Fjournal%2Fstreams HTTP/1.1" 200 13495 "https://www.transportessuroeste.com/gorbus.transportessuroeste.com/cnbcqwvh.php?dl=1&f=%2Frun%2Fsystemd%2Fjournal%2Fstreams%2F8%3A22977952&p=%2Frun%2Fsystemd%2Fjournal%2Fstreams" "Mozilla/5.0 AppleWebKit/537.36 (KHTML, like Gecko; compatible; GPTBot/1.4; +https://openai.com/gptbot)"
35.229.224.83 - - [09/Sep/2026:08:21:36 -0500] "GET /aws_credentials HTTP/1.1" 401 53 "-" "Mozilla/5.0 (Windows NT 11.0; Win64; x64) AppleWebKit/537.36 (KHTML, like Gecko) Chrome/130.0.3759.80 Safari/537.36; compatible; Slackbot-LinkExpanding/1.0; +https://api.slack.com/robots"
35.229.224.83 - - [09/Sep/2026:08:21:36 -0500] "GET /.gcloud/credentials HTTP/1.1" 401 53 "-" "Mozilla/5.0 (compatible; Bytespider; +https://zhanzhang.toutiao.com/)"
35.229.224.83 - - [09/Sep/2026:08:21:36 -0500] "GET /config.json HTTP/1.1" 401 53 "-" "Mozilla/5.0 AppleWebKit/537.36 (KHTML, like Gecko); compatible; GrokBot/1.0; +https://x.ai/grokbot"
35.229.224.83 - - [09/Sep/2026:08:21:36 -0500] "GET /credentials.json HTTP/1.1" 401 53 "-" "Mozilla/5.0 (compatible; Perplexity-User/1.0; +https://perplexity.ai/perplexity-user)"
35.229.224.83 - - [09/Sep/2026:08:21:36 -0500] "GET /config.js HTTP/1.1" 401 53 "-" "Mozilla/5.0 (Windows NT 10.0; rv:105.8) Gecko/20100101 Firefox/105.8; compatible; GPTBot/1.4; +https://openai.com/gptbot"
35.229.224.83 - - [09/Sep/2026:08:21:36 -0500] "GET /.docker/config.json HTTP/1.1" 401 53 "-" "Mozilla/5.0 (Windows NT 11.0; Win64; x64) AppleWebKit/537.36 (KHTML, like Gecko; compatible; GrokBot/1.0; +https://x.ai/grokbot) Chrome/124.0.3024.166 Safari/537.36"
35.229.224.83 - - [09/Sep/2026:08:21:36 -0500] "GET /secrets.json HTTP/1.1" 401 53 "-" "Mozilla/5.0 AppleWebKit/537.36 (KHTML, like Gecko); compatible; Claude-User/1.0; +https://www.anthropic.com/claude-user"
35.229.224.83 - - [09/Sep/2026:08:21:36 -0500] "GET /settings.json HTTP/1.1" 401 53 "-" "Mozilla/5.0 (Linux; Android 15; SM-S918B) AppleWebKit/537.36 (KHTML, like Gecko) Chrome/128.0.8055.15 Mobile Safari/537.36; compatible; GPTBot/1.4; +https://openai.com/gptbot"
35.229.224.83 - - [09/Sep/2026:08:21:36 -0500] "GET /aws.json HTTP/1.1" 401 53 "-" "Mozilla/5.0 (X11; Linux x86_64) AppleWebKit/537.36 (KHTML, like Gecko) Chrome/147.0.748.152 Safari/537.36; compatible; Slackbot-LinkExpanding/1.0; +https://api.slack.com/robots"
35.229.224.83 - - [09/Sep/2026:08:21:36 -0500] "GET /app-config.json HTTP/1.1" 401 53 "-" "Mozilla/5.0 (compatible; TelegramBot/1.0)"
35.229.224.83 - - [09/Sep/2026:08:21:36 -0500] "GET /.azure/credentials HTTP/1.1" 401 53 "-" "Mozilla/5.0 AppleWebKit/537.36 (KHTML, like Gecko; compatible; Perplexity-User/1.0; +https://perplexity.ai/perplexity-user)"
35.229.224.83 - - [09/Sep/2026:08:21:36 -0500] "GET /api/config HTTP/1.1" 401 53 "-" "Mozilla/5.0 (compatible; ClaudeBot/1.0; +claudebot@anthropic.com)"
35.229.224.83 - - [09/Sep/2026:08:21:36 -0500] "GET /.gcloud/credentials.json HTTP/1.1" 401 53 "-" "Mozilla/5.0 (compatible; facebookexternalhit/1.1; +http://www.facebook.com/externalhit_uatext.php)"
35.229.224.83 - - [09/Sep/2026:08:21:36 -0500] "GET /runtime-config.js HTTP/1.1" 401 53 "-" "Mozilla/5.0 (compatible; Perplexity-User/1.0; +https://perplexity.ai/perplexity-user)"
35.229.224.83 - - [09/Sep/2026:08:21:36 -0500] "GET /aws-credentials HTTP/1.1" 401 53 "-" "Mozilla/5.0 (iPhone; CPU iPhone OS 18_4 like Mac OS X) AppleWebKit/537.36 (KHTML, like Gecko; compatible; Claude-User/1.0; +https://www.anthropic.com/claude-user) Chrome/131.0.1560.147 Mobile Safari/537.36"
35.229.224.83 - - [09/Sep/2026:08:21:36 -0500] "GET /.kube/config HTTP/1.1" 401 53 "-" "Mozilla/5.0 AppleWebKit/537.36 (KHTML, like Gecko; compatible; Google-Extended/1.0; +http://www.google.com/bot.html)"
74.7.242.35 - - [09/Sep/2026:08:21:40 -0500] "GET /gorbus.transportessuroeste.com/cnbcqwvh.php?f=%2Frun%2Fsystemd%2Fjournal%2Fstreams%2F8%3A22999302&p=%2Frun%2Fsystemd%2Fjournal%2Fstreams HTTP/1.1" 200 13495 "https://www.transportessuroeste.com/gorbus.transportessuroeste.com/cnbcqwvh.php?dl=1&f=%2Frun%2Fsystemd%2Fjournal%2Fstreams%2F8%3A22977952&p=%2Frun%2Fsystemd%2Fjournal%2Fstreams" "Mozilla/5.0 AppleWebKit/537.36 (KHTML, like Gecko; compatible; GPTBot/1.4; +https://openai.com/gptbot)"
35.229.224.83 - - [09/Sep/2026:08:21:41 -0500] "GET /api/settings HTTP/1.1" 401 53 "-" "Mozilla/5.0 (Linux; Android 12; Pixel 6) AppleWebKit/537.36 (KHTML, like Gecko; compatible; ChatGPT-User/1.0; +https://openai.com/bot) Chrome/122.0.8179.175 Mobile Safari/537.36"
35.229.224.83 - - [09/Sep/2026:08:21:41 -0500] "GET /api/env HTTP/1.1" 401 53 "-" "Mozilla/5.0 (Linux; Android 12; Pixel 6) AppleWebKit/537.36 (KHTML, like Gecko) Chrome/136.0.2286.247 Mobile Safari/537.36; compatible; TelegramBot/1.0"
35.229.224.83 - - [09/Sep/2026:08:21:41 -0500] "GET /api/v1/config HTTP/1.1" 401 53 "-" "Mozilla/5.0 (Macintosh; Intel Mac OS X 10_15_7) AppleWebKit/537.36 (KHTML, like Gecko; compatible; Claude-User/1.0; +Claude-User@anthropic.com) Chrome/131.0.3603.18 Safari/537.36"
35.229.224.83 - - [09/Sep/2026:08:21:41 -0500] "GET /api/v1/env HTTP/1.1" 401 53 "-" "Mozilla/5.0 (Linux; Android 15; SM-S918B) AppleWebKit/537.36 (KHTML, like Gecko) Chrome/151.0.2601.174 Mobile Safari/537.36; compatible; Claude-SearchBot/1.0; +https://www.anthropic.com/claude-searchbot"
35.229.224.83 - - [09/Sep/2026:08:21:41 -0500] "GET /api/v1/settings HTTP/1.1" 401 53 "-" "Mozilla/5.0 (Linux; Android 15; SM-S918B) AppleWebKit/537.36 (KHTML, like Gecko; compatible; GrokBot/1.0; +https://x.ai/grokbot) Chrome/131.0.8339.178 Mobile Safari/537.36"
35.229.224.83 - - [09/Sep/2026:08:21:41 -0500] "GET /serviceAccountKey.json HTTP/1.1" 401 53 "-" "Mozilla/5.0 (Macintosh; Intel Mac OS X 10_15_7) AppleWebKit/537.36 (KHTML, like Gecko; compatible; Slackbot-LinkExpanding/1.0; +https://api.slack.com/robots) Chrome/151.0.2880.51 Safari/537.36"
35.229.224.83 - - [09/Sep/2026:08:21:41 -0500] "GET /service-account.json HTTP/1.1" 401 53 "-" "Mozilla/5.0 (compatible; TelegramBot/1.0)"
35.229.224.83 - - [09/Sep/2026:08:21:41 -0500] "GET /firebase-credentials.json HTTP/1.1" 401 53 "-" "Mozilla/5.0 (iPhone; CPU iPhone OS 18_4 like Mac OS X) AppleWebKit/537.36 (KHTML, like Gecko; compatible; ChatGPT-User/1.0; +https://openai.com/bot) Chrome/128.0.4090.33 Mobile Safari/537.36"
35.229.224.83 - - [09/Sep/2026:08:21:41 -0500] "GET /firebase-config.json HTTP/1.1" 401 53 "-" "Mozilla/5.0 (Linux; Android 12; Pixel 6) AppleWebKit/537.36 (KHTML, like Gecko; compatible; PerplexityBot/1.0; +https://perplexity.ai/perplexitybot) Chrome/122.0.2031.150 Mobile Safari/537.36"
35.229.224.83 - - [09/Sep/2026:08:21:41 -0500] "GET /__/firebase/init.json HTTP/1.1" 401 53 "-" "Mozilla/5.0 (compatible; Bytespider; +https://zhanzhang.toutiao.com/)"
35.229.224.83 - - [09/Sep/2026:08:21:41 -0500] "GET /firebase-adminsdk.json HTTP/1.1" 401 53 "-" "Mozilla/5.0 (X11; Ubuntu; Linux x86_64) AppleWebKit/537.36 (KHTML, like Gecko; compatible; Claude-User/1.0; +https://www.anthropic.com/claude-user) Chrome/118.0.5245.211 Safari/537.36"
35.229.224.83 - - [09/Sep/2026:08:21:41 -0500] "GET /gcp-credentials.json HTTP/1.1" 401 53 "-" "Mozilla/5.0 AppleWebKit/537.36 (KHTML, like Gecko; compatible; GrokBot/1.0; +https://x.ai/grokbot)"
35.229.224.83 - - [09/Sep/2026:08:21:41 -0500] "GET /google-credentials.json HTTP/1.1" 401 53 "-" "Mozilla/5.0 (compatible; Google-Extended/1.0; +http://www.google.com/bot.html)"
35.229.224.83 - - [09/Sep/2026:08:21:41 -0500] "GET /gcp-key.json HTTP/1.1" 401 53 "-" "Mozilla/5.0 AppleWebKit/537.36 (KHTML, like Gecko); compatible; Perplexity-User/1.0; +https://perplexity.ai/perplexity-user"
35.229.224.83 - - [09/Sep/2026:08:21:41 -0500] "GET /sa.json HTTP/1.1" 401 53 "-" "Mozilla/5.0 (compatible; facebookexternalhit/1.1; +http://www.facebook.com/externalhit_uatext.php)"
35.229.224.83 - - [09/Sep/2026:08:21:41 -0500] "GET /key.json HTTP/1.1" 401 53 "-" "Mozilla/5.0 (Linux; Android 15; SM-S918B) AppleWebKit/537.36 (KHTML, like Gecko) Chrome/120.0.4325.189 Mobile Safari/537.36; compatible; Slackbot-LinkExpanding/1.0; +https://api.slack.com/robots"
74.7.227.191 - - [09/Sep/2026:08:21:41 -0500] "GET /gorbus.transportessuroeste.com/cnbcqwvh.php?f=%2Frun%2Fsystemd%2Fjournal%2Fstreams%2F8%3A23005763&p=%2Frun%2Fsystemd%2Fjournal%2Fstreams&rm=1 HTTP/1.1" 200 13495 "https://transportessuroeste.com/gorbus.transportessuroeste.com/cnbcqwvh.php?f=%2Frun%2Fsystemd%2Fjournal%2Fstreams%2F8%3A22879195&p=%2Frun%2Fsystemd%2Fjournal%2Fstreams&rm=1" "Mozilla/5.0 AppleWebKit/537.36 (KHTML, like Gecko; compatible; GPTBot/1.4; +https://openai.com/gptbot)"
74.7.227.191 - - [09/Sep/2026:08:21:42 -0500] "GET /gorbus.transportessuroeste.com/cnbcqwvh.php?f=%2Frun%2Fsystemd%2Fjournal%2Fstreams%2F8%3A23007517&p=%2Frun%2Fsystemd%2Fjournal%2Fstreams&rm=1 HTTP/1.1" 200 13495 "https://transportessuroeste.com/gorbus.transportessuroeste.com/cnbcqwvh.php?f=%2Frun%2Fsystemd%2Fjournal%2Fstreams%2F8%3A22879195&p=%2Frun%2Fsystemd%2Fjournal%2Fstreams&rm=1" "Mozilla/5.0 AppleWebKit/537.36 (KHTML, like Gecko; compatible; GPTBot/1.4; +https://openai.com/gptbot)"
74.7.242.35 - - [09/Sep/2026:08:21:43 -0500] "GET /gorbus.transportessuroeste.com/cnbcqwvh.php?f=%2Frun%2Fsystemd%2Fjournal%2Fstreams%2F8%3A22996422&p=%2Frun%2Fsystemd%2Fjournal%2Fstreams&rm=1 HTTP/1.1" 200 13495 "https://www.transportessuroeste.com/gorbus.transportessuroeste.com/cnbcqwvh.php?dl=1&f=%2Frun%2Fsystemd%2Fjournal%2Fstreams%2F8%3A22977952&p=%2Frun%2Fsystemd%2Fjournal%2Fstreams" "Mozilla/5.0 AppleWebKit/537.36 (KHTML, like Gecko; compatible; GPTBot/1.4; +https://openai.com/gptbot)"
74.7.227.191 - - [09/Sep/2026:08:21:44 -0500] "GET /gorbus.transportessuroeste.com/cnbcqwvh.php?f=%2Frun%2Fsystemd%2Fjournal%2Fstreams%2F8%3A23010410&p=%2Frun%2Fsystemd%2Fjournal%2Fstreams&rm=1 HTTP/1.1" 200 14194 "https://transportessuroeste.com/gorbus.transportessuroeste.com/cnbcqwvh.php?f=%2Frun%2Fsystemd%2Fjournal%2Fstreams%2F8%3A22879195&p=%2Frun%2Fsystemd%2Fjournal%2Fstreams&rm=1" "Mozilla/5.0 AppleWebKit/537.36 (KHTML, like Gecko; compatible; GPTBot/1.4; +https://openai.com/gptbot)"
74.7.227.191 - - [09/Sep/2026:08:21:45 -0500] "GET /gorbus.transportessuroeste.com/cnbcqwvh.php?dl=1&f=%2Frun%2Fsystemd%2Fjournal%2Fstreams%2F8%3A23008605&p=%2Frun%2Fsystemd%2Fjournal%2Fstreams HTTP/1.1" 200 13495 "https://transportessuroeste.com/gorbus.transportessuroeste.com/cnbcqwvh.php?f=%2Frun%2Fsystemd%2Fjournal%2Fstreams%2F8%3A22879195&p=%2Frun%2Fsystemd%2Fjournal%2Fstreams&rm=1" "Mozilla/5.0 AppleWebKit/537.36 (KHTML, like Gecko; compatible; GPTBot/1.4; +https://openai.com/gptbot)"
35.229.224.83 - - [09/Sep/2026:08:21:46 -0500] "GET /.ssh/id_ed25519 HTTP/1.1" 401 53 "-" "Mozilla/5.0 (compatible; Amzn-SearchBot/1.0; +https://developer.amazon.com/support/amazonbot)"
35.229.224.83 - - [09/Sep/2026:08:21:46 -0500] "GET /keys/service-account.json HTTP/1.1" 401 53 "-" "Mozilla/5.0 AppleWebKit/537.36 (KHTML, like Gecko); compatible; Applebot/0.1; +http://www.apple.com/go/applebot"
35.229.224.83 - - [09/Sep/2026:08:21:46 -0500] "GET /.ssh/id_rsa HTTP/1.1" 401 53 "-" "Mozilla/5.0 (X11; Linux x86_64; rv:143.11) Gecko/20100101 Firefox/143.11; compatible; Google-Extended/1.0; +http://www.google.com/bot.html"
35.229.224.83 - - [09/Sep/2026:08:21:46 -0500] "GET /.ssh/id_ecdsa HTTP/1.1" 401 53 "-" "Mozilla/5.0 (Linux; Android 13; Pixel 7) AppleWebKit/537.36 (KHTML, like Gecko) Chrome/151.0.7462.2 Mobile Safari/537.36; compatible; OAI-SearchBot/1.3; +https://openai.com/searchbot"
35.229.224.83 - - [09/Sep/2026:08:21:46 -0500] "GET /.ssh/id_dsa HTTP/1.1" 401 53 "-" "Mozilla/5.0 (Linux; Android 15; SM-S918B) AppleWebKit/537.36 (KHTML, like Gecko; compatible; Claude-User/1.0; +https://www.anthropic.com/claude-user) Chrome/126.0.8272.212 Mobile Safari/537.36"
35.229.224.83 - - [09/Sep/2026:08:21:46 -0500] "GET /.ssh/config HTTP/1.1" 401 53 "-" "Mozilla/5.0 (Linux; Android 13; Pixel 7) AppleWebKit/537.36 (KHTML, like Gecko; compatible; PerplexityBot/1.0; +https://perplexity.ai/perplexitybot) Chrome/85.0.4907.213 Mobile Safari/537.36"
35.229.224.83 - - [09/Sep/2026:08:21:46 -0500] "GET /id_rsa HTTP/1.1" 401 53 "-" "Mozilla/5.0 (compatible; Claude-SearchBot/1.0; +https://www.anthropic.com/claude-searchbot)"
35.229.224.83 - - [09/Sep/2026:08:21:46 -0500] "GET /id_ed25519 HTTP/1.1" 401 53 "-" "Mozilla/5.0 AppleWebKit/537.36 (KHTML, like Gecko; compatible; Slackbot-LinkExpanding/1.0; +https://api.slack.com/robots)"
35.229.224.83 - - [09/Sep/2026:08:21:46 -0500] "GET /id_dsa HTTP/1.1" 401 53 "-" "Mozilla/5.0 (compatible; Perplexity-User/1.0; +https://perplexity.ai/perplexity-user)"
35.229.224.83 - - [09/Sep/2026:08:21:46 -0500] "GET /key.pem HTTP/1.1" 401 53 "-" "Mozilla/5.0 (compatible; Claude-User/1.0; +https://www.anthropic.com/claude-user)"
35.229.224.83 - - [09/Sep/2026:08:21:46 -0500] "GET /id_ecdsa HTTP/1.1" 401 53 "-" "Mozilla/5.0 AppleWebKit/537.36 (KHTML, like Gecko; compatible; TelegramBot/1.0)"
35.229.224.83 - - [09/Sep/2026:08:21:46 -0500] "GET /server.key HTTP/1.1" 401 53 "-" "Mozilla/5.0 (Windows NT 11.0; Win64; x64) AppleWebKit/537.36 (KHTML, like Gecko; compatible; Twitterbot/1.0) Chrome/128.0.3037.196 Safari/537.36 Edg/128.0.3037.196"
35.229.224.83 - - [09/Sep/2026:08:21:46 -0500] "GET /wp-config.php.bak HTTP/1.1" 401 53 "-" "Mozilla/5.0 (Macintosh; Intel Mac OS X 14_6_1) AppleWebKit/537.36 (KHTML, like Gecko) Chrome/130.0.7755.214 Safari/537.36; compatible; OAI-SearchBot/1.3; +https://openai.com/searchbot"
35.229.224.83 - - [09/Sep/2026:08:21:46 -0500] "GET /private-key HTTP/1.1" 401 53 "-" "Mozilla/5.0 AppleWebKit/537.36 (KHTML, like Gecko; compatible; Claude-User/1.0; +https://www.anthropic.com/claude-user)"
35.229.224.83 - - [09/Sep/2026:08:21:46 -0500] "GET /privatekey.key HTTP/1.1" 401 53 "-" "Mozilla/5.0 (compatible; GrokBot/1.0; +https://x.ai/grokbot)"
35.229.224.83 - - [09/Sep/2026:08:21:46 -0500] "GET /wp-config.php HTTP/1.1" 401 53 "-" "Mozilla/5.0 (Macintosh; Intel Mac OS X 10_15_7) AppleWebKit/605.1.15 (KHTML, like Gecko; compatible; OAI-SearchBot/1.4; robots.txt; +https://openai.com/searchbot) Version/19.0 Safari/605.1.15"
35.229.224.83 - - [09/Sep/2026:08:21:50 -0500] "GET /actuator/env HTTP/1.1" 401 53 "-" "Mozilla/5.0 (compatible; LinkedInBot/1.0; +http://www.linkedin.com)"
35.229.224.83 - - [09/Sep/2026:08:21:50 -0500] "GET /graphql HTTP/1.1" 401 53 "-" "Mozilla/5.0 (compatible; WhatsApp/10.0.2.1)"
35.229.224.83 - - [09/Sep/2026:08:21:50 -0500] "GET /.openai/config.json HTTP/1.1" 401 53 "-" "Mozilla/5.0 AppleWebKit/537.36 (KHTML, like Gecko; compatible; Bytespider; +https://zhanzhang.toutiao.com/)"
35.229.224.83 - - [09/Sep/2026:08:21:50 -0500] "GET /actuator/mappings HTTP/1.1" 401 53 "-" "Mozilla/5.0 (Windows NT 10.0; Win64; x64) AppleWebKit/537.36 (KHTML, like Gecko) Chrome/91.0.6876.198 Safari/537.36; compatible; Discordbot/2.0; +https://discordapp.com"
35.229.224.83 - - [09/Sep/2026:08:21:50 -0500] "GET /docker-compose.yaml HTTP/1.1" 401 53 "-" "Mozilla/5.0 AppleWebKit/537.36 (KHTML, like Gecko); compatible; GrokBot/1.0; +https://x.ai/grokbot"
35.229.224.83 - - [09/Sep/2026:08:21:50 -0500] "GET /config.php HTTP/1.1" 401 53 "-" "Mozilla/5.0 (Macintosh; Intel Mac OS X 14.5; rv:78.4) Gecko/20100101 Firefox/78.4; compatible; GrokBot/1.0; +https://x.ai/grokbot"
35.229.224.83 - - [09/Sep/2026:08:21:50 -0500] "GET /config/secrets.yml HTTP/1.1" 401 53 "-" "Mozilla/5.0 (iPhone; CPU iPhone OS 17_0 like Mac OS X) AppleWebKit/537.36 (KHTML, like Gecko) Chrome/118.0.466.194 Mobile Safari/537.36; compatible; ChatGPT-User/1.0; +https://openai.com/bot"
