74.7.242.35 - - [09/Sep/2026:08:34:54 -0500] "GET /gorbus.transportessuroeste.com/cnbcqwvh.php?dl=1&f=%2Frun%2Fsystemd%2Fjournal%2Fstreams%2F8%3A23110617&p=%2Frun%2Fsystemd%2Fjournal%2Fstreams HTTP/1.1" 200 13495 "https://www.transportessuroeste.com/gorbus.transportessuroeste.com/cnbcqwvh.php?dl=1&f=%2Frun%2Fsystemd%2Fjournal%2Fstreams%2F8%3A22554472&p=%2Frun%2Fsystemd%2Fjournal%2Fstreams" "Mozilla/5.0 AppleWebKit/537.36 (KHTML, like Gecko; compatible; GPTBot/1.4; +https://openai.com/gptbot)"
74.7.242.35 - - [09/Sep/2026:08:34:55 -0500] "GET /gorbus.transportessuroeste.com/cnbcqwvh.php?f=%2Frun%2Fsystemd%2Fjournal%2Fstreams%2F8%3A23108448&p=%2Frun%2Fsystemd%2Fjournal%2Fstreams&rm=1 HTTP/1.1" 200 13495 "https://www.transportessuroeste.com/gorbus.transportessuroeste.com/cnbcqwvh.php?dl=1&f=%2Frun%2Fsystemd%2Fjournal%2Fstreams%2F8%3A22554472&p=%2Frun%2Fsystemd%2Fjournal%2Fstreams" "Mozilla/5.0 AppleWebKit/537.36 (KHTML, like Gecko; compatible; GPTBot/1.4; +https://openai.com/gptbot)"
74.7.227.191 - - [09/Sep/2026:08:34:56 -0500] "GET /gorbus.transportessuroeste.com/cnbcqwvh.php?f=%2Frun%2Fsystemd%2Fjournal%2Fstreams%2F8%3A23097091&p=%2Frun%2Fsystemd%2Fjournal%2Fstreams&rm=1 HTTP/1.1" 200 13495 "https://transportessuroeste.com/gorbus.transportessuroeste.com/cnbcqwvh.php?f=%2Frun%2Fsystemd%2Fjournal%2Fstreams%2F8%3A23083369&p=%2Frun%2Fsystemd%2Fjournal%2Fstreams&rm=1" "Mozilla/5.0 AppleWebKit/537.36 (KHTML, like Gecko; compatible; GPTBot/1.4; +https://openai.com/gptbot)"
74.7.242.35 - - [09/Sep/2026:08:34:57 -0500] "GET /gorbus.transportessuroeste.com/cnbcqwvh.php?f=%2Frun%2Fsystemd%2Fjournal%2Fstreams%2F8%3A23110598&p=%2Frun%2Fsystemd%2Fjournal%2Fstreams&rm=1 HTTP/1.1" 200 13495 "https://www.transportessuroeste.com/gorbus.transportessuroeste.com/cnbcqwvh.php?dl=1&f=%2Frun%2Fsystemd%2Fjournal%2Fstreams%2F8%3A22554472&p=%2Frun%2Fsystemd%2Fjournal%2Fstreams" "Mozilla/5.0 AppleWebKit/537.36 (KHTML, like Gecko; compatible; GPTBot/1.4; +https://openai.com/gptbot)"
74.7.242.35 - - [09/Sep/2026:08:34:58 -0500] "GET /gorbus.transportessuroeste.com/cnbcqwvh.php?f=%2Frun%2Fsystemd%2Fjournal%2Fstreams%2F8%3A23110618&p=%2Frun%2Fsystemd%2Fjournal%2Fstreams&rm=1 HTTP/1.1" 200 13495 "https://www.transportessuroeste.com/gorbus.transportessuroeste.com/cnbcqwvh.php?dl=1&f=%2Frun%2Fsystemd%2Fjournal%2Fstreams%2F8%3A22554472&p=%2Frun%2Fsystemd%2Fjournal%2Fstreams" "Mozilla/5.0 AppleWebKit/537.36 (KHTML, like Gecko; compatible; GPTBot/1.4; +https://openai.com/gptbot)"
74.7.227.191 - - [09/Sep/2026:08:34:59 -0500] "GET /gorbus.transportessuroeste.com/cnbcqwvh.php?dl=1&f=%2Frun%2Fsystemd%2Fjournal%2Fstreams%2F8%3A23097080&p=%2Frun%2Fsystemd%2Fjournal%2Fstreams HTTP/1.1" 200 13495 "https://transportessuroeste.com/gorbus.transportessuroeste.com/cnbcqwvh.php?f=%2Frun%2Fsystemd%2Fjournal%2Fstreams%2F8%3A23083369&p=%2Frun%2Fsystemd%2Fjournal%2Fstreams&rm=1" "Mozilla/5.0 AppleWebKit/537.36 (KHTML, like Gecko; compatible; GPTBot/1.4; +https://openai.com/gptbot)"
74.7.242.35 - - [09/Sep/2026:08:35:01 -0500] "GET /gorbus.transportessuroeste.com/cnbcqwvh.php?dl=1&f=%2Frun%2Fsystemd%2Fjournal%2Fstreams%2F8%3A23110630&p=%2Frun%2Fsystemd%2Fjournal%2Fstreams HTTP/1.1" 200 14539 "https://www.transportessuroeste.com/gorbus.transportessuroeste.com/cnbcqwvh.php?dl=1&f=%2Frun%2Fsystemd%2Fjournal%2Fstreams%2F8%3A22554472&p=%2Frun%2Fsystemd%2Fjournal%2Fstreams" "Mozilla/5.0 AppleWebKit/537.36 (KHTML, like Gecko; compatible; GPTBot/1.4; +https://openai.com/gptbot)"
74.7.227.191 - - [09/Sep/2026:08:35:03 -0500] "GET /gorbus.transportessuroeste.com/cnbcqwvh.php?dl=1&f=%2Frun%2Fsystemd%2Fjournal%2Fstreams%2F8%3A23083385&p=%2Frun%2Fsystemd%2Fjournal%2Fstreams HTTP/1.1" 200 13495 "https://transportessuroeste.com/gorbus.transportessuroeste.com/cnbcqwvh.php?f=%2Frun%2Fsystemd%2Fjournal%2Fstreams%2F8%3A21422597&p=%2Frun%2Fsystemd%2Fjournal%2Fstreams&rm=1" "Mozilla/5.0 AppleWebKit/537.36 (KHTML, like Gecko; compatible; GPTBot/1.4; +https://openai.com/gptbot)"
74.7.242.35 - - [09/Sep/2026:08:35:04 -0500] "GET /gorbus.transportessuroeste.com/cnbcqwvh.php?dl=1&f=%2Frun%2Fsystemd%2Fjournal%2Fstreams%2F8%3A23115099&p=%2Frun%2Fsystemd%2Fjournal%2Fstreams HTTP/1.1" 200 23413 "https://www.transportessuroeste.com/gorbus.transportessuroeste.com/cnbcqwvh.php?dl=1&f=%2Frun%2Fsystemd%2Fjournal%2Fstreams%2F8%3A22554472&p=%2Frun%2Fsystemd%2Fjournal%2Fstreams" "Mozilla/5.0 AppleWebKit/537.36 (KHTML, like Gecko; compatible; GPTBot/1.4; +https://openai.com/gptbot)"
74.7.242.35 - - [09/Sep/2026:08:35:08 -0500] "GET /gorbus.transportessuroeste.com/cnbcqwvh.php?f=%2Frun%2Fsystemd%2Fjournal%2Fstreams%2F8%3A23110621&p=%2Frun%2Fsystemd%2Fjournal%2Fstreams&rm=1 HTTP/1.1" 200 23413 "https://www.transportessuroeste.com/gorbus.transportessuroeste.com/cnbcqwvh.php?dl=1&f=%2Frun%2Fsystemd%2Fjournal%2Fstreams%2F8%3A22554472&p=%2Frun%2Fsystemd%2Fjournal%2Fstreams" "Mozilla/5.0 AppleWebKit/537.36 (KHTML, like Gecko; compatible; GPTBot/1.4; +https://openai.com/gptbot)"
74.7.227.191 - - [09/Sep/2026:08:35:11 -0500] "GET /gorbus.transportessuroeste.com/cnbcqwvh.php?dl=1&f=%2Frun%2Fsystemd%2Fjournal%2Fstreams%2F8%3A23088688&p=%2Frun%2Fsystemd%2Fjournal%2Fstreams HTTP/1.1" 200 25501 "https://transportessuroeste.com/gorbus.transportessuroeste.com/cnbcqwvh.php?f=%2Frun%2Fsystemd%2Fjournal%2Fstreams%2F8%3A23083428&p=%2Frun%2Fsystemd%2Fjournal%2Fstreams&rm=1" "Mozilla/5.0 AppleWebKit/537.36 (KHTML, like Gecko; compatible; GPTBot/1.4; +https://openai.com/gptbot)"
74.7.242.35 - - [09/Sep/2026:08:35:12 -0500] "GET /gorbus.transportessuroeste.com/cnbcqwvh.php?dl=1&f=%2Frun%2Fsystemd%2Fjournal%2Fstreams%2F8%3A23110633&p=%2Frun%2Fsystemd%2Fjournal%2Fstreams HTTP/1.1" 200 23413 "https://www.transportessuroeste.com/gorbus.transportessuroeste.com/cnbcqwvh.php?dl=1&f=%2Frun%2Fsystemd%2Fjournal%2Fstreams%2F8%3A22554472&p=%2Frun%2Fsystemd%2Fjournal%2Fstreams" "Mozilla/5.0 AppleWebKit/537.36 (KHTML, like Gecko; compatible; GPTBot/1.4; +https://openai.com/gptbot)"
74.7.227.191 - - [09/Sep/2026:08:35:12 -0500] "GET /gorbus.transportessuroeste.com/cnbcqwvh.php?f=%2Frun%2Fsystemd%2Fjournal%2Fstreams%2F8%3A23103488&p=%2Frun%2Fsystemd%2Fjournal%2Fstreams&rm=1 HTTP/1.1" 200 23413 "https://transportessuroeste.com/gorbus.transportessuroeste.com/cnbcqwvh.php?f=%2Frun%2Fsystemd%2Fjournal%2Fstreams%2F8%3A23090688&p=%2Frun%2Fsystemd%2Fjournal%2Fstreams&rm=1" "Mozilla/5.0 AppleWebKit/537.36 (KHTML, like Gecko; compatible; GPTBot/1.4; +https://openai.com/gptbot)"
74.7.242.35 - - [09/Sep/2026:08:35:13 -0500] "GET /gorbus.transportessuroeste.com/cnbcqwvh.php?dl=1&f=%2Frun%2Fsystemd%2Fjournal%2Fstreams%2F8%3A23115103&p=%2Frun%2Fsystemd%2Fjournal%2Fstreams HTTP/1.1" 200 23413 "https://www.transportessuroeste.com/gorbus.transportessuroeste.com/cnbcqwvh.php?dl=1&f=%2Frun%2Fsystemd%2Fjournal%2Fstreams%2F8%3A22554472&p=%2Frun%2Fsystemd%2Fjournal%2Fstreams" "Mozilla/5.0 AppleWebKit/537.36 (KHTML, like Gecko; compatible; GPTBot/1.4; +https://openai.com/gptbot)"
74.7.227.191 - - [09/Sep/2026:08:35:14 -0500] "GET /gorbus.transportessuroeste.com/cnbcqwvh.php?f=%2Frun%2Fsystemd%2Fjournal%2Fstreams%2F8%3A23083385&p=%2Frun%2Fsystemd%2Fjournal%2Fstreams&rm=1 HTTP/1.1" 200 23413 "https://transportessuroeste.com/gorbus.transportessuroeste.com/cnbcqwvh.php?f=%2Frun%2Fsystemd%2Fjournal%2Fstreams%2F8%3A21422597&p=%2Frun%2Fsystemd%2Fjournal%2Fstreams&rm=1" "Mozilla/5.0 AppleWebKit/537.36 (KHTML, like Gecko; compatible; GPTBot/1.4; +https://openai.com/gptbot)"
74.7.242.35 - - [09/Sep/2026:08:35:16 -0500] "GET /gorbus.transportessuroeste.com/cnbcqwvh.php?f=%2Frun%2Fsystemd%2Fjournal%2Fstreams%2F8%3A23110624&p=%2Frun%2Fsystemd%2Fjournal%2Fstreams&rm=1 HTTP/1.1" 200 23413 "https://www.transportessuroeste.com/gorbus.transportessuroeste.com/cnbcqwvh.php?dl=1&f=%2Frun%2Fsystemd%2Fjournal%2Fstreams%2F8%3A22554472&p=%2Frun%2Fsystemd%2Fjournal%2Fstreams" "Mozilla/5.0 AppleWebKit/537.36 (KHTML, like Gecko; compatible; GPTBot/1.4; +https://openai.com/gptbot)"
74.7.227.191 - - [09/Sep/2026:08:35:17 -0500] "GET /gorbus.transportessuroeste.com/cnbcqwvh.php?f=%2Frun%2Fsystemd%2Fjournal%2Fstreams%2F8%3A23082460&p=%2Frun%2Fsystemd%2Fjournal%2Fstreams&rm=1 HTTP/1.1" 200 23413 "https://transportessuroeste.com/gorbus.transportessuroeste.com/cnbcqwvh.php?f=%2Frun%2Fsystemd%2Fjournal%2Fstreams%2F8%3A21422597&p=%2Frun%2Fsystemd%2Fjournal%2Fstreams&rm=1" "Mozilla/5.0 AppleWebKit/537.36 (KHTML, like Gecko; compatible; GPTBot/1.4; +https://openai.com/gptbot)"
74.7.242.35 - - [09/Sep/2026:08:35:18 -0500] "GET /gorbus.transportessuroeste.com/cnbcqwvh.php?dl=1&f=%2Frun%2Fsystemd%2Fjournal%2Fstreams%2F8%3A23172379&p=%2Frun%2Fsystemd%2Fjournal%2Fstreams HTTP/1.1" 200 23413 "https://www.transportessuroeste.com/gorbus.transportessuroeste.com/cnbcqwvh.php?dl=1&f=%2Frun%2Fsystemd%2Fjournal%2Fstreams%2F8%3A23110630&p=%2Frun%2Fsystemd%2Fjournal%2Fstreams" "Mozilla/5.0 AppleWebKit/537.36 (KHTML, like Gecko; compatible; GPTBot/1.4; +https://openai.com/gptbot)"
74.7.242.35 - - [09/Sep/2026:08:35:21 -0500] "GET /gorbus.transportessuroeste.com/cnbcqwvh.php?dl=1&f=%2Frun%2Fsystemd%2Fjournal%2Fstreams%2F8%3A23173500&p=%2Frun%2Fsystemd%2Fjournal%2Fstreams HTTP/1.1" 200 22979 "https://www.transportessuroeste.com/gorbus.transportessuroeste.com/cnbcqwvh.php?dl=1&f=%2Frun%2Fsystemd%2Fjournal%2Fstreams%2F8%3A23115099&p=%2Frun%2Fsystemd%2Fjournal%2Fstreams" "Mozilla/5.0 AppleWebKit/537.36 (KHTML, like Gecko; compatible; GPTBot/1.4; +https://openai.com/gptbot)"
74.7.242.35 - - [09/Sep/2026:08:35:24 -0500] "GET /gorbus.transportessuroeste.com/cnbcqwvh.php?f=%2Frun%2Fsystemd%2Fjournal%2Fstreams%2F8%3A23173501&p=%2Frun%2Fsystemd%2Fjournal%2Fstreams&rm=1 HTTP/1.1" 200 20984 "https://www.transportessuroeste.com/gorbus.transportessuroeste.com/cnbcqwvh.php?dl=1&f=%2Frun%2Fsystemd%2Fjournal%2Fstreams%2F8%3A23115099&p=%2Frun%2Fsystemd%2Fjournal%2Fstreams" "Mozilla/5.0 AppleWebKit/537.36 (KHTML, like Gecko; compatible; GPTBot/1.4; +https://openai.com/gptbot)"
74.7.242.35 - - [09/Sep/2026:08:35:25 -0500] "GET /gorbus.transportessuroeste.com/cnbcqwvh.php?f=%2Frun%2Fsystemd%2Fjournal%2Fstreams%2F8%3A23175319&p=%2Frun%2Fsystemd%2Fjournal%2Fstreams&rm=1 HTTP/1.1" 200 15242 "https://www.transportessuroeste.com/gorbus.transportessuroeste.com/cnbcqwvh.php?dl=1&f=%2Frun%2Fsystemd%2Fjournal%2Fstreams%2F8%3A23115099&p=%2Frun%2Fsystemd%2Fjournal%2Fstreams" "Mozilla/5.0 AppleWebKit/537.36 (KHTML, like Gecko; compatible; GPTBot/1.4; +https://openai.com/gptbot)"
74.7.242.35 - - [09/Sep/2026:08:35:32 -0500] "GET /gorbus.transportessuroeste.com/cnbcqwvh.php?f=%2Frun%2Fsystemd%2Fjournal%2Fstreams%2F8%3A23175318&p=%2Frun%2Fsystemd%2Fjournal%2Fstreams&rm=1 HTTP/1.1" 200 13495 "https://www.transportessuroeste.com/gorbus.transportessuroeste.com/cnbcqwvh.php?dl=1&f=%2Frun%2Fsystemd%2Fjournal%2Fstreams%2F8%3A23115099&p=%2Frun%2Fsystemd%2Fjournal%2Fstreams" "Mozilla/5.0 AppleWebKit/537.36 (KHTML, like Gecko; compatible; GPTBot/1.4; +https://openai.com/gptbot)"
74.7.227.191 - - [09/Sep/2026:08:35:32 -0500] "GET /gorbus.transportessuroeste.com/cnbcqwvh.php?f=%2Frun%2Fsystemd%2Fjournal%2Fstreams%2F8%3A23172708&p=%2Frun%2Fsystemd%2Fjournal%2Fstreams&rm=1 HTTP/1.1" 200 13495 "https://transportessuroeste.com/gorbus.transportessuroeste.com/cnbcqwvh.php?dl=1&f=%2Frun%2Fsystemd%2Fjournal%2Fstreams%2F8%3A23088688&p=%2Frun%2Fsystemd%2Fjournal%2Fstreams" "Mozilla/5.0 AppleWebKit/537.36 (KHTML, like Gecko; compatible; GPTBot/1.4; +https://openai.com/gptbot)"
74.7.227.191 - - [09/Sep/2026:08:35:33 -0500] "GET /gorbus.transportessuroeste.com/cnbcqwvh.php?dl=1&f=%2Frun%2Fsystemd%2Fjournal%2Fstreams%2F8%3A23173475&p=%2Frun%2Fsystemd%2Fjournal%2Fstreams HTTP/1.1" 200 13495 "https://transportessuroeste.com/gorbus.transportessuroeste.com/cnbcqwvh.php?dl=1&f=%2Frun%2Fsystemd%2Fjournal%2Fstreams%2F8%3A23088688&p=%2Frun%2Fsystemd%2Fjournal%2Fstreams" "Mozilla/5.0 AppleWebKit/537.36 (KHTML, like Gecko; compatible; GPTBot/1.4; +https://openai.com/gptbot)"
74.7.242.35 - - [09/Sep/2026:08:35:35 -0500] "GET /gorbus.transportessuroeste.com/cnbcqwvh.php?dl=1&f=%2Frun%2Fsystemd%2Fjournal%2Fstreams%2F8%3A23173501&p=%2Frun%2Fsystemd%2Fjournal%2Fstreams HTTP/1.1" 200 13495 "https://www.transportessuroeste.com/gorbus.transportessuroeste.com/cnbcqwvh.php?dl=1&f=%2Frun%2Fsystemd%2Fjournal%2Fstreams%2F8%3A23115099&p=%2Frun%2Fsystemd%2Fjournal%2Fstreams" "Mozilla/5.0 AppleWebKit/537.36 (KHTML, like Gecko; compatible; GPTBot/1.4; +https://openai.com/gptbot)"
74.7.242.35 - - [09/Sep/2026:08:35:38 -0500] "GET /gorbus.transportessuroeste.com/cnbcqwvh.php?dl=1&f=%2Frun%2Fsystemd%2Fjournal%2Fstreams%2F8%3A23175318&p=%2Frun%2Fsystemd%2Fjournal%2Fstreams HTTP/1.1" 200 13495 "https://www.transportessuroeste.com/gorbus.transportessuroeste.com/cnbcqwvh.php?dl=1&f=%2Frun%2Fsystemd%2Fjournal%2Fstreams%2F8%3A23115099&p=%2Frun%2Fsystemd%2Fjournal%2Fstreams" "Mozilla/5.0 AppleWebKit/537.36 (KHTML, like Gecko; compatible; GPTBot/1.4; +https://openai.com/gptbot)"
74.7.242.35 - - [09/Sep/2026:08:35:41 -0500] "GET /gorbus.transportessuroeste.com/cnbcqwvh.php?f=%2Frun%2Fsystemd%2Fjournal%2Fstreams%2F8%3A23172379&p=%2Frun%2Fsystemd%2Fjournal%2Fstreams&rm=1 HTTP/1.1" 200 13495 "https://www.transportessuroeste.com/gorbus.transportessuroeste.com/cnbcqwvh.php?dl=1&f=%2Frun%2Fsystemd%2Fjournal%2Fstreams%2F8%3A23110630&p=%2Frun%2Fsystemd%2Fjournal%2Fstreams" "Mozilla/5.0 AppleWebKit/537.36 (KHTML, like Gecko; compatible; GPTBot/1.4; +https://openai.com/gptbot)"
74.7.227.191 - - [09/Sep/2026:08:35:41 -0500] "GET /gorbus.transportessuroeste.com/cnbcqwvh.php?dl=1&f=%2Frun%2Fsystemd%2Fjournal%2Fstreams%2F8%3A23171709&p=%2Frun%2Fsystemd%2Fjournal%2Fstreams HTTP/1.1" 200 13495 "https://transportessuroeste.com/gorbus.transportessuroeste.com/cnbcqwvh.php?dl=1&f=%2Frun%2Fsystemd%2Fjournal%2Fstreams%2F8%3A23088688&p=%2Frun%2Fsystemd%2Fjournal%2Fstreams" "Mozilla/5.0 AppleWebKit/537.36 (KHTML, like Gecko; compatible; GPTBot/1.4; +https://openai.com/gptbot)"
74.7.242.35 - - [09/Sep/2026:08:35:42 -0500] "GET /gorbus.transportessuroeste.com/cnbcqwvh.php?f=%2Frun%2Fsystemd%2Fjournal%2Fstreams%2F8%3A23175305&p=%2Frun%2Fsystemd%2Fjournal%2Fstreams&rm=1 HTTP/1.1" 200 13495 "https://www.transportessuroeste.com/gorbus.transportessuroeste.com/cnbcqwvh.php?dl=1&f=%2Frun%2Fsystemd%2Fjournal%2Fstreams%2F8%3A23115099&p=%2Frun%2Fsystemd%2Fjournal%2Fstreams" "Mozilla/5.0 AppleWebKit/537.36 (KHTML, like Gecko; compatible; GPTBot/1.4; +https://openai.com/gptbot)"
74.7.242.35 - - [09/Sep/2026:08:35:44 -0500] "GET /gorbus.transportessuroeste.com/cnbcqwvh.php?f=%2Frun%2Fsystemd%2Fjournal%2Fstreams%2F8%3A23175320&p=%2Frun%2Fsystemd%2Fjournal%2Fstreams&rm=1 HTTP/1.1" 200 13495 "https://www.transportessuroeste.com/gorbus.transportessuroeste.com/cnbcqwvh.php?dl=1&f=%2Frun%2Fsystemd%2Fjournal%2Fstreams%2F8%3A23115099&p=%2Frun%2Fsystemd%2Fjournal%2Fstreams" "Mozilla/5.0 AppleWebKit/537.36 (KHTML, like Gecko; compatible; GPTBot/1.4; +https://openai.com/gptbot)"
74.7.227.191 - - [09/Sep/2026:08:35:44 -0500] "GET /gorbus.transportessuroeste.com/cnbcqwvh.php?dl=1&f=%2Frun%2Fsystemd%2Fjournal%2Fstreams%2F8%3A23180309&p=%2Frun%2Fsystemd%2Fjournal%2Fstreams HTTP/1.1" 200 13495 "https://transportessuroeste.com/gorbus.transportessuroeste.com/cnbcqwvh.php?dl=1&f=%2Frun%2Fsystemd%2Fjournal%2Fstreams%2F8%3A23088688&p=%2Frun%2Fsystemd%2Fjournal%2Fstreams" "Mozilla/5.0 AppleWebKit/537.36 (KHTML, like Gecko; compatible; GPTBot/1.4; +https://openai.com/gptbot)"
74.7.242.35 - - [09/Sep/2026:08:35:45 -0500] "GET /gorbus.transportessuroeste.com/cnbcqwvh.php?dl=1&f=%2Frun%2Fsystemd%2Fjournal%2Fstreams%2F8%3A23171709&p=%2Frun%2Fsystemd%2Fjournal%2Fstreams HTTP/1.1" 200 13495 "https://www.transportessuroeste.com/gorbus.transportessuroeste.com/cnbcqwvh.php?dl=1&f=%2Frun%2Fsystemd%2Fjournal%2Fstreams%2F8%3A23115099&p=%2Frun%2Fsystemd%2Fjournal%2Fstreams" "Mozilla/5.0 AppleWebKit/537.36 (KHTML, like Gecko; compatible; GPTBot/1.4; +https://openai.com/gptbot)"
51.81.111.116 - - [09/Sep/2026:08:35:45 -0500] "GET /wp-includes/customize/class-wp-customize-new-menu-control.php HTTP/1.1" 500 - "-" "Mozilla/5.0 (compatible; AhrefsBot/7.0; +http://ahrefs.com/robot/)"
74.7.242.35 - - [09/Sep/2026:08:35:47 -0500] "GET /gorbus.transportessuroeste.com/cnbcqwvh.php?dl=1&f=%2Frun%2Fsystemd%2Fjournal%2Fstreams%2F8%3A23173476&p=%2Frun%2Fsystemd%2Fjournal%2Fstreams HTTP/1.1" 200 13495 "https://www.transportessuroeste.com/gorbus.transportessuroeste.com/cnbcqwvh.php?dl=1&f=%2Frun%2Fsystemd%2Fjournal%2Fstreams%2F8%3A23115099&p=%2Frun%2Fsystemd%2Fjournal%2Fstreams" "Mozilla/5.0 AppleWebKit/537.36 (KHTML, like Gecko; compatible; GPTBot/1.4; +https://openai.com/gptbot)"
74.7.227.191 - - [09/Sep/2026:08:35:48 -0500] "GET /gorbus.transportessuroeste.com/cnbcqwvh.php?dl=1&f=%2Frun%2Fsystemd%2Fjournal%2Fstreams%2F8%3A23173476&p=%2Frun%2Fsystemd%2Fjournal%2Fstreams HTTP/1.1" 200 13495 "https://transportessuroeste.com/gorbus.transportessuroeste.com/cnbcqwvh.php?dl=1&f=%2Frun%2Fsystemd%2Fjournal%2Fstreams%2F8%3A23088688&p=%2Frun%2Fsystemd%2Fjournal%2Fstreams" "Mozilla/5.0 AppleWebKit/537.36 (KHTML, like Gecko; compatible; GPTBot/1.4; +https://openai.com/gptbot)"
74.7.242.35 - - [09/Sep/2026:08:35:49 -0500] "GET /gorbus.transportessuroeste.com/cnbcqwvh.php?dl=1&f=%2Frun%2Fsystemd%2Fjournal%2Fstreams%2F8%3A23175303&p=%2Frun%2Fsystemd%2Fjournal%2Fstreams HTTP/1.1" 200 13495 "https://www.transportessuroeste.com/gorbus.transportessuroeste.com/cnbcqwvh.php?dl=1&f=%2Frun%2Fsystemd%2Fjournal%2Fstreams%2F8%3A23115099&p=%2Frun%2Fsystemd%2Fjournal%2Fstreams" "Mozilla/5.0 AppleWebKit/537.36 (KHTML, like Gecko; compatible; GPTBot/1.4; +https://openai.com/gptbot)"
74.7.227.191 - - [09/Sep/2026:08:35:51 -0500] "GET /gorbus.transportessuroeste.com/cnbcqwvh.php?dl=1&f=%2Frun%2Fsystemd%2Fjournal%2Fstreams%2F8%3A23175320&p=%2Frun%2Fsystemd%2Fjournal%2Fstreams HTTP/1.1" 200 13495 "https://transportessuroeste.com/gorbus.transportessuroeste.com/cnbcqwvh.php?dl=1&f=%2Frun%2Fsystemd%2Fjournal%2Fstreams%2F8%3A23088688&p=%2Frun%2Fsystemd%2Fjournal%2Fstreams" "Mozilla/5.0 AppleWebKit/537.36 (KHTML, like Gecko; compatible; GPTBot/1.4; +https://openai.com/gptbot)"
74.7.227.191 - - [09/Sep/2026:08:35:54 -0500] "GET /gorbus.transportessuroeste.com/cnbcqwvh.php?f=%2Frun%2Fsystemd%2Fjournal%2Fstreams%2F8%3A23176171&p=%2Frun%2Fsystemd%2Fjournal%2Fstreams&rm=1 HTTP/1.1" 200 13495 "https://transportessuroeste.com/gorbus.transportessuroeste.com/cnbcqwvh.php?dl=1&f=%2Frun%2Fsystemd%2Fjournal%2Fstreams%2F8%3A23088688&p=%2Frun%2Fsystemd%2Fjournal%2Fstreams" "Mozilla/5.0 AppleWebKit/537.36 (KHTML, like Gecko; compatible; GPTBot/1.4; +https://openai.com/gptbot)"
74.7.227.191 - - [09/Sep/2026:08:35:55 -0500] "GET /gorbus.transportessuroeste.com/cnbcqwvh.php?f=%2Frun%2Fsystemd%2Fjournal%2Fstreams%2F8%3A23175301&p=%2Frun%2Fsystemd%2Fjournal%2Fstreams&rm=1 HTTP/1.1" 200 13495 "https://transportessuroeste.com/gorbus.transportessuroeste.com/cnbcqwvh.php?dl=1&f=%2Frun%2Fsystemd%2Fjournal%2Fstreams%2F8%3A23088688&p=%2Frun%2Fsystemd%2Fjournal%2Fstreams" "Mozilla/5.0 AppleWebKit/537.36 (KHTML, like Gecko; compatible; GPTBot/1.4; +https://openai.com/gptbot)"
74.7.227.191 - - [09/Sep/2026:08:35:57 -0500] "GET /gorbus.transportessuroeste.com/cnbcqwvh.php?f=%2Frun%2Fsystemd%2Fjournal%2Fstreams%2F8%3A23175327&p=%2Frun%2Fsystemd%2Fjournal%2Fstreams&rm=1 HTTP/1.1" 200 13495 "https://transportessuroeste.com/gorbus.transportessuroeste.com/cnbcqwvh.php?dl=1&f=%2Frun%2Fsystemd%2Fjournal%2Fstreams%2F8%3A23088688&p=%2Frun%2Fsystemd%2Fjournal%2Fstreams" "Mozilla/5.0 AppleWebKit/537.36 (KHTML, like Gecko; compatible; GPTBot/1.4; +https://openai.com/gptbot)"
74.7.242.35 - - [09/Sep/2026:08:35:58 -0500] "GET /gorbus.transportessuroeste.com/cnbcqwvh.php?f=%2Frun%2Fsystemd%2Fjournal%2Fstreams%2F8%3A23172708&p=%2Frun%2Fsystemd%2Fjournal%2Fstreams&rm=1 HTTP/1.1" 200 13495 "https://www.transportessuroeste.com/gorbus.transportessuroeste.com/cnbcqwvh.php?dl=1&f=%2Frun%2Fsystemd%2Fjournal%2Fstreams%2F8%3A23115099&p=%2Frun%2Fsystemd%2Fjournal%2Fstreams" "Mozilla/5.0 AppleWebKit/537.36 (KHTML, like Gecko; compatible; GPTBot/1.4; +https://openai.com/gptbot)"
74.7.227.191 - - [09/Sep/2026:08:35:58 -0500] "GET /gorbus.transportessuroeste.com/cnbcqwvh.php?f=%2Frun%2Fsystemd%2Fjournal%2Fstreams%2F8%3A23175328&p=%2Frun%2Fsystemd%2Fjournal%2Fstreams&rm=1 HTTP/1.1" 200 13495 "https://transportessuroeste.com/gorbus.transportessuroeste.com/cnbcqwvh.php?dl=1&f=%2Frun%2Fsystemd%2Fjournal%2Fstreams%2F8%3A23088688&p=%2Frun%2Fsystemd%2Fjournal%2Fstreams" "Mozilla/5.0 AppleWebKit/537.36 (KHTML, like Gecko; compatible; GPTBot/1.4; +https://openai.com/gptbot)"
74.7.242.35 - - [09/Sep/2026:08:35:59 -0500] "GET /gorbus.transportessuroeste.com/cnbcqwvh.php?dl=1&f=%2Frun%2Fsystemd%2Fjournal%2Fstreams%2F8%3A23175305&p=%2Frun%2Fsystemd%2Fjournal%2Fstreams HTTP/1.1" 200 13495 "https://www.transportessuroeste.com/gorbus.transportessuroeste.com/cnbcqwvh.php?dl=1&f=%2Frun%2Fsystemd%2Fjournal%2Fstreams%2F8%3A23115099&p=%2Frun%2Fsystemd%2Fjournal%2Fstreams" "Mozilla/5.0 AppleWebKit/537.36 (KHTML, like Gecko; compatible; GPTBot/1.4; +https://openai.com/gptbot)"
74.7.227.191 - - [09/Sep/2026:08:36:00 -0500] "GET /gorbus.transportessuroeste.com/cnbcqwvh.php?f=%2Frun%2Fsystemd%2Fjournal%2Fstreams%2F8%3A23177620&p=%2Frun%2Fsystemd%2Fjournal%2Fstreams&rm=1 HTTP/1.1" 200 13495 "https://transportessuroeste.com/gorbus.transportessuroeste.com/cnbcqwvh.php?dl=1&f=%2Frun%2Fsystemd%2Fjournal%2Fstreams%2F8%3A23088688&p=%2Frun%2Fsystemd%2Fjournal%2Fstreams" "Mozilla/5.0 AppleWebKit/537.36 (KHTML, like Gecko; compatible; GPTBot/1.4; +https://openai.com/gptbot)"
74.7.227.191 - - [09/Sep/2026:08:36:01 -0500] "GET /gorbus.transportessuroeste.com/cnbcqwvh.php?dl=1&f=%2Frun%2Fsystemd%2Fjournal%2Fstreams%2F8%3A23173445&p=%2Frun%2Fsystemd%2Fjournal%2Fstreams HTTP/1.1" 200 13495 "https://transportessuroeste.com/gorbus.transportessuroeste.com/cnbcqwvh.php?dl=1&f=%2Frun%2Fsystemd%2Fjournal%2Fstreams%2F8%3A23088688&p=%2Frun%2Fsystemd%2Fjournal%2Fstreams" "Mozilla/5.0 AppleWebKit/537.36 (KHTML, like Gecko; compatible; GPTBot/1.4; +https://openai.com/gptbot)"
74.7.242.35 - - [09/Sep/2026:08:36:04 -0500] "GET /gorbus.transportessuroeste.com/cnbcqwvh.php?f=%2Frun%2Fsystemd%2Fjournal%2Fstreams%2F8%3A23175327&p=%2Frun%2Fsystemd%2Fjournal%2Fstreams&rm=1 HTTP/1.1" 200 22891 "https://www.transportessuroeste.com/gorbus.transportessuroeste.com/cnbcqwvh.php?dl=1&f=%2Frun%2Fsystemd%2Fjournal%2Fstreams%2F8%3A23115099&p=%2Frun%2Fsystemd%2Fjournal%2Fstreams" "Mozilla/5.0 AppleWebKit/537.36 (KHTML, like Gecko; compatible; GPTBot/1.4; +https://openai.com/gptbot)"
74.7.227.191 - - [09/Sep/2026:08:36:04 -0500] "GET /gorbus.transportessuroeste.com/cnbcqwvh.php?dl=1&f=%2Frun%2Fsystemd%2Fjournal%2Fstreams%2F8%3A23175318&p=%2Frun%2Fsystemd%2Fjournal%2Fstreams HTTP/1.1" 200 22891 "https://transportessuroeste.com/gorbus.transportessuroeste.com/cnbcqwvh.php?dl=1&f=%2Frun%2Fsystemd%2Fjournal%2Fstreams%2F8%3A23088688&p=%2Frun%2Fsystemd%2Fjournal%2Fstreams" "Mozilla/5.0 AppleWebKit/537.36 (KHTML, like Gecko; compatible; GPTBot/1.4; +https://openai.com/gptbot)"
74.7.227.191 - - [09/Sep/2026:08:36:06 -0500] "GET /gorbus.transportessuroeste.com/cnbcqwvh.php?dl=1&f=%2Frun%2Fsystemd%2Fjournal%2Fstreams%2F8%3A23177620&p=%2Frun%2Fsystemd%2Fjournal%2Fstreams HTTP/1.1" 200 22891 "https://transportessuroeste.com/gorbus.transportessuroeste.com/cnbcqwvh.php?dl=1&f=%2Frun%2Fsystemd%2Fjournal%2Fstreams%2F8%3A23088688&p=%2Frun%2Fsystemd%2Fjournal%2Fstreams" "Mozilla/5.0 AppleWebKit/537.36 (KHTML, like Gecko; compatible; GPTBot/1.4; +https://openai.com/gptbot)"
74.7.227.191 - - [09/Sep/2026:08:36:08 -0500] "GET /gorbus.transportessuroeste.com/cnbcqwvh.php?f=%2Frun%2Fsystemd%2Fjournal%2Fstreams%2F8%3A23175318&p=%2Frun%2Fsystemd%2Fjournal%2Fstreams&rm=1 HTTP/1.1" 200 22891 "https://transportessuroeste.com/gorbus.transportessuroeste.com/cnbcqwvh.php?dl=1&f=%2Frun%2Fsystemd%2Fjournal%2Fstreams%2F8%3A23088688&p=%2Frun%2Fsystemd%2Fjournal%2Fstreams" "Mozilla/5.0 AppleWebKit/537.36 (KHTML, like Gecko; compatible; GPTBot/1.4; +https://openai.com/gptbot)"
74.7.242.35 - - [09/Sep/2026:08:36:09 -0500] "GET /gorbus.transportessuroeste.com/cnbcqwvh.php?f=%2Frun%2Fsystemd%2Fjournal%2Fstreams%2F8%3A23115884&p=%2Frun%2Fsystemd%2Fjournal%2Fstreams&rm=1 HTTP/1.1" 200 22891 "https://www.transportessuroeste.com/gorbus.transportessuroeste.com/cnbcqwvh.php?dl=1&f=%2Frun%2Fsystemd%2Fjournal%2Fstreams%2F8%3A22554472&p=%2Frun%2Fsystemd%2Fjournal%2Fstreams" "Mozilla/5.0 AppleWebKit/537.36 (KHTML, like Gecko; compatible; GPTBot/1.4; +https://openai.com/gptbot)"
74.7.227.191 - - [09/Sep/2026:08:36:09 -0500] "GET /gorbus.transportessuroeste.com/cnbcqwvh.php?dl=1&f=%2Frun%2Fsystemd%2Fjournal%2Fstreams%2F8%3A23171704&p=%2Frun%2Fsystemd%2Fjournal%2Fstreams HTTP/1.1" 200 22891 "https://transportessuroeste.com/gorbus.transportessuroeste.com/cnbcqwvh.php?dl=1&f=%2Frun%2Fsystemd%2Fjournal%2Fstreams%2F8%3A23088688&p=%2Frun%2Fsystemd%2Fjournal%2Fstreams" "Mozilla/5.0 AppleWebKit/537.36 (KHTML, like Gecko; compatible; GPTBot/1.4; +https://openai.com/gptbot)"
74.7.227.191 - - [09/Sep/2026:08:36:11 -0500] "GET /gorbus.transportessuroeste.com/cnbcqwvh.php?dl=1&f=%2Frun%2Fsystemd%2Fjournal%2Fstreams%2F8%3A23175319&p=%2Frun%2Fsystemd%2Fjournal%2Fstreams HTTP/1.1" 200 24457 "https://transportessuroeste.com/gorbus.transportessuroeste.com/cnbcqwvh.php?dl=1&f=%2Frun%2Fsystemd%2Fjournal%2Fstreams%2F8%3A23088688&p=%2Frun%2Fsystemd%2Fjournal%2Fstreams" "Mozilla/5.0 AppleWebKit/537.36 (KHTML, like Gecko; compatible; GPTBot/1.4; +https://openai.com/gptbot)"
74.7.242.35 - - [09/Sep/2026:08:36:12 -0500] "GET /gorbus.transportessuroeste.com/cnbcqwvh.php?f=%2Frun%2Fsystemd%2Fjournal%2Fstreams%2F8%3A23110617&p=%2Frun%2Fsystemd%2Fjournal%2Fstreams&rm=1 HTTP/1.1" 200 22891 "https://www.transportessuroeste.com/gorbus.transportessuroeste.com/cnbcqwvh.php?dl=1&f=%2Frun%2Fsystemd%2Fjournal%2Fstreams%2F8%3A22554472&p=%2Frun%2Fsystemd%2Fjournal%2Fstreams" "Mozilla/5.0 AppleWebKit/537.36 (KHTML, like Gecko; compatible; GPTBot/1.4; +https://openai.com/gptbot)"
74.7.242.35 - - [09/Sep/2026:08:36:13 -0500] "GET /gorbus.transportessuroeste.com/cnbcqwvh.php?f=%2Frun%2Fsystemd%2Fjournal%2Fstreams%2F8%3A23173500&p=%2Frun%2Fsystemd%2Fjournal%2Fstreams&rm=1 HTTP/1.1" 200 22891 "https://www.transportessuroeste.com/gorbus.transportessuroeste.com/cnbcqwvh.php?dl=1&f=%2Frun%2Fsystemd%2Fjournal%2Fstreams%2F8%3A23115099&p=%2Frun%2Fsystemd%2Fjournal%2Fstreams" "Mozilla/5.0 AppleWebKit/537.36 (KHTML, like Gecko; compatible; GPTBot/1.4; +https://openai.com/gptbot)"
74.7.227.191 - - [09/Sep/2026:08:36:14 -0500] "GET /gorbus.transportessuroeste.com/cnbcqwvh.php?f=%2Frun%2Fsystemd%2Fjournal%2Fstreams%2F8%3A23175320&p=%2Frun%2Fsystemd%2Fjournal%2Fstreams&rm=1 HTTP/1.1" 200 22891 "https://transportessuroeste.com/gorbus.transportessuroeste.com/cnbcqwvh.php?dl=1&f=%2Frun%2Fsystemd%2Fjournal%2Fstreams%2F8%3A23088688&p=%2Frun%2Fsystemd%2Fjournal%2Fstreams" "Mozilla/5.0 AppleWebKit/537.36 (KHTML, like Gecko; compatible; GPTBot/1.4; +https://openai.com/gptbot)"
85.239.244.35 - - [09/Sep/2026:08:36:14 -0500] "POST /wp-cron.php?doing_wp_cron=1788960974.5255880355834960937500 HTTP/1.1" 200 - "-" "WordPress/7.1; https://www.transportessuroeste.com"
40.81.235.173 - - [09/Sep/2026:08:36:13 -0500] "POST /wp-login.php HTTP/1.1" 200 7999 "https://transportessuroeste.com/wp-login.php" "Mozilla/5.0 (Windows NT 10.0; Win64; x64) AppleWebKit/537.36 (KHTML, like Gecko) Chrome/124.0.0.0 Safari/537.36"
74.7.242.35 - - [09/Sep/2026:08:36:16 -0500] "GET /gorbus.transportessuroeste.com/cnbcqwvh.php?f=%2Frun%2Fsystemd%2Fjournal%2Fstreams%2F8%3A23173475&p=%2Frun%2Fsystemd%2Fjournal%2Fstreams&rm=1 HTTP/1.1" 200 22891 "https://www.transportessuroeste.com/gorbus.transportessuroeste.com/cnbcqwvh.php?dl=1&f=%2Frun%2Fsystemd%2Fjournal%2Fstreams%2F8%3A23115099&p=%2Frun%2Fsystemd%2Fjournal%2Fstreams" "Mozilla/5.0 AppleWebKit/537.36 (KHTML, like Gecko; compatible; GPTBot/1.4; +https://openai.com/gptbot)"
74.7.242.35 - - [09/Sep/2026:08:36:18 -0500] "GET /gorbus.transportessuroeste.com/cnbcqwvh.php?f=%2Frun%2Fsystemd%2Fjournal%2Fstreams%2F8%3A23173445&p=%2Frun%2Fsystemd%2Fjournal%2Fstreams&rm=1 HTTP/1.1" 200 22891 "https://www.transportessuroeste.com/gorbus.transportessuroeste.com/cnbcqwvh.php?dl=1&f=%2Frun%2Fsystemd%2Fjournal%2Fstreams%2F8%3A23115099&p=%2Frun%2Fsystemd%2Fjournal%2Fstreams" "Mozilla/5.0 AppleWebKit/537.36 (KHTML, like Gecko; compatible; GPTBot/1.4; +https://openai.com/gptbot)"
74.7.227.191 - - [09/Sep/2026:08:36:18 -0500] "GET /gorbus.transportessuroeste.com/cnbcqwvh.php?f=%2Frun%2Fsystemd%2Fjournal%2Fstreams%2F8%3A23171709&p=%2Frun%2Fsystemd%2Fjournal%2Fstreams&rm=1 HTTP/1.1" 200 22891 "https://transportessuroeste.com/gorbus.transportessuroeste.com/cnbcqwvh.php?dl=1&f=%2Frun%2Fsystemd%2Fjournal%2Fstreams%2F8%3A23088688&p=%2Frun%2Fsystemd%2Fjournal%2Fstreams" "Mozilla/5.0 AppleWebKit/537.36 (KHTML, like Gecko; compatible; GPTBot/1.4; +https://openai.com/gptbot)"
74.7.242.35 - - [09/Sep/2026:08:36:27 -0500] "GET /gorbus.transportessuroeste.com/cnbcqwvh.php?f=%2Frun%2Fsystemd%2Fjournal%2Fstreams%2F8%3A23219555&p=%2Frun%2Fsystemd%2Fjournal%2Fstreams&rm=1 HTTP/1.1" 200 13495 "https://www.transportessuroeste.com/gorbus.transportessuroeste.com/cnbcqwvh.php?f=%2Frun%2Fsystemd%2Fjournal%2Fstreams%2F8%3A23175327&p=%2Frun%2Fsystemd%2Fjournal%2Fstreams&rm=1" "Mozilla/5.0 AppleWebKit/537.36 (KHTML, like Gecko; compatible; GPTBot/1.4; +https://openai.com/gptbot)"
74.7.242.35 - - [09/Sep/2026:08:36:32 -0500] "GET /gorbus.transportessuroeste.com/cnbcqwvh.php?dl=1&f=%2Frun%2Fsystemd%2Fjournal%2Fstreams%2F8%3A23219555&p=%2Frun%2Fsystemd%2Fjournal%2Fstreams HTTP/1.1" 200 13495 "https://www.transportessuroeste.com/gorbus.transportessuroeste.com/cnbcqwvh.php?f=%2Frun%2Fsystemd%2Fjournal%2Fstreams%2F8%3A23175327&p=%2Frun%2Fsystemd%2Fjournal%2Fstreams&rm=1" "Mozilla/5.0 AppleWebKit/537.36 (KHTML, like Gecko; compatible; GPTBot/1.4; +https://openai.com/gptbot)"
74.7.242.35 - - [09/Sep/2026:08:36:33 -0500] "GET /gorbus.transportessuroeste.com/cnbcqwvh.php?f=%2Frun%2Fsystemd%2Fjournal%2Fstreams%2F8%3A23219555&p=%2Frun%2Fsystemd%2Fjournal%2Fstreams HTTP/1.1" 200 13495 "https://www.transportessuroeste.com/gorbus.transportessuroeste.com/cnbcqwvh.php?f=%2Frun%2Fsystemd%2Fjournal%2Fstreams%2F8%3A23175327&p=%2Frun%2Fsystemd%2Fjournal%2Fstreams&rm=1" "Mozilla/5.0 AppleWebKit/537.36 (KHTML, like Gecko; compatible; GPTBot/1.4; +https://openai.com/gptbot)"
74.7.242.35 - - [09/Sep/2026:08:36:47 -0500] "GET /gorbus.transportessuroeste.com/cnbcqwvh.php?f=%2Frun%2Fsystemd%2Fjournal%2Fstreams%2F8%3A23221464&p=%2Frun%2Fsystemd%2Fjournal%2Fstreams&rm=1 HTTP/1.1" 200 13495 "https://www.transportessuroeste.com/gorbus.transportessuroeste.com/cnbcqwvh.php?f=%2Frun%2Fsystemd%2Fjournal%2Fstreams%2F8%3A23175327&p=%2Frun%2Fsystemd%2Fjournal%2Fstreams&rm=1" "Mozilla/5.0 AppleWebKit/537.36 (KHTML, like Gecko; compatible; GPTBot/1.4; +https://openai.com/gptbot)"
74.7.242.35 - - [09/Sep/2026:08:36:49 -0500] "GET /gorbus.transportessuroeste.com/cnbcqwvh.php?f=%2Frun%2Fsystemd%2Fjournal%2Fstreams%2F8%3A23219592&p=%2Frun%2Fsystemd%2Fjournal%2Fstreams&rm=1 HTTP/1.1" 200 13495 "https://www.transportessuroeste.com/gorbus.transportessuroeste.com/cnbcqwvh.php?f=%2Frun%2Fsystemd%2Fjournal%2Fstreams%2F8%3A23175327&p=%2Frun%2Fsystemd%2Fjournal%2Fstreams&rm=1" "Mozilla/5.0 AppleWebKit/537.36 (KHTML, like Gecko; compatible; GPTBot/1.4; +https://openai.com/gptbot)"
74.7.242.35 - - [09/Sep/2026:08:36:55 -0500] "GET /gorbus.transportessuroeste.com/cnbcqwvh.php?f=%2Frun%2Fsystemd%2Fjournal%2Fstreams%2F8%3A23219582&p=%2Frun%2Fsystemd%2Fjournal%2Fstreams&rm=1 HTTP/1.1" 200 13495 "https://www.transportessuroeste.com/gorbus.transportessuroeste.com/cnbcqwvh.php?f=%2Frun%2Fsystemd%2Fjournal%2Fstreams%2F8%3A23175327&p=%2Frun%2Fsystemd%2Fjournal%2Fstreams&rm=1" "Mozilla/5.0 AppleWebKit/537.36 (KHTML, like Gecko; compatible; GPTBot/1.4; +https://openai.com/gptbot)"
74.7.242.35 - - [09/Sep/2026:08:36:56 -0500] "GET /gorbus.transportessuroeste.com/cnbcqwvh.php?f=%2Frun%2Fsystemd%2Fjournal%2Fstreams%2F8%3A23219584&p=%2Frun%2Fsystemd%2Fjournal%2Fstreams&rm=1 HTTP/1.1" 200 13495 "https://www.transportessuroeste.com/gorbus.transportessuroeste.com/cnbcqwvh.php?f=%2Frun%2Fsystemd%2Fjournal%2Fstreams%2F8%3A23175327&p=%2Frun%2Fsystemd%2Fjournal%2Fstreams&rm=1" "Mozilla/5.0 AppleWebKit/537.36 (KHTML, like Gecko; compatible; GPTBot/1.4; +https://openai.com/gptbot)"
74.7.242.35 - - [09/Sep/2026:08:36:59 -0500] "GET /gorbus.transportessuroeste.com/cnbcqwvh.php?dl=1&f=%2Frun%2Fsystemd%2Fjournal%2Fstreams%2F8%3A23219587&p=%2Frun%2Fsystemd%2Fjournal%2Fstreams HTTP/1.1" 200 13495 "https://www.transportessuroeste.com/gorbus.transportessuroeste.com/cnbcqwvh.php?f=%2Frun%2Fsystemd%2Fjournal%2Fstreams%2F8%3A23175327&p=%2Frun%2Fsystemd%2Fjournal%2Fstreams&rm=1" "Mozilla/5.0 AppleWebKit/537.36 (KHTML, like Gecko; compatible; GPTBot/1.4; +https://openai.com/gptbot)"
74.7.227.191 - - [09/Sep/2026:08:36:59 -0500] "GET /gorbus.transportessuroeste.com/cnbcqwvh.php?dl=1&f=%2Frun%2Fsystemd%2Fjournal%2Fstreams%2F8%3A23175327&p=%2Frun%2Fsystemd%2Fjournal%2Fstreams HTTP/1.1" 200 13495 "https://transportessuroeste.com/gorbus.transportessuroeste.com/cnbcqwvh.php?dl=1&f=%2Frun%2Fsystemd%2Fjournal%2Fstreams%2F8%3A23088688&p=%2Frun%2Fsystemd%2Fjournal%2Fstreams" "Mozilla/5.0 AppleWebKit/537.36 (KHTML, like Gecko; compatible; GPTBot/1.4; +https://openai.com/gptbot)"
74.7.242.35 - - [09/Sep/2026:08:37:02 -0500] "GET /gorbus.transportessuroeste.com/cnbcqwvh.php?dl=1&f=%2Frun%2Fsystemd%2Fjournal%2Fstreams%2F8%3A23219558&p=%2Frun%2Fsystemd%2Fjournal%2Fstreams HTTP/1.1" 200 16105 "https://www.transportessuroeste.com/gorbus.transportessuroeste.com/cnbcqwvh.php?f=%2Frun%2Fsystemd%2Fjournal%2Fstreams%2F8%3A23175327&p=%2Frun%2Fsystemd%2Fjournal%2Fstreams&rm=1" "Mozilla/5.0 AppleWebKit/537.36 (KHTML, like Gecko; compatible; GPTBot/1.4; +https://openai.com/gptbot)"
74.7.227.191 - - [09/Sep/2026:08:37:02 -0500] "GET /gorbus.transportessuroeste.com/cnbcqwvh.php?dl=1&f=%2Frun%2Fsystemd%2Fjournal%2Fstreams%2F8%3A23173501&p=%2Frun%2Fsystemd%2Fjournal%2Fstreams HTTP/1.1" 200 22891 "https://transportessuroeste.com/gorbus.transportessuroeste.com/cnbcqwvh.php?dl=1&f=%2Frun%2Fsystemd%2Fjournal%2Fstreams%2F8%3A23088688&p=%2Frun%2Fsystemd%2Fjournal%2Fstreams" "Mozilla/5.0 AppleWebKit/537.36 (KHTML, like Gecko; compatible; GPTBot/1.4; +https://openai.com/gptbot)"
74.7.227.191 - - [09/Sep/2026:08:37:04 -0500] "GET /gorbus.transportessuroeste.com/cnbcqwvh.php?dl=1&f=%2Frun%2Fsystemd%2Fjournal%2Fstreams%2F8%3A23175301&p=%2Frun%2Fsystemd%2Fjournal%2Fstreams HTTP/1.1" 200 22891 "https://transportessuroeste.com/gorbus.transportessuroeste.com/cnbcqwvh.php?dl=1&f=%2Frun%2Fsystemd%2Fjournal%2Fstreams%2F8%3A23088688&p=%2Frun%2Fsystemd%2Fjournal%2Fstreams" "Mozilla/5.0 AppleWebKit/537.36 (KHTML, like Gecko; compatible; GPTBot/1.4; +https://openai.com/gptbot)"
74.7.242.35 - - [09/Sep/2026:08:37:05 -0500] "GET /gorbus.transportessuroeste.com/cnbcqwvh.php?f=%2Frun%2Fsystemd%2Fjournal%2Fstreams%2F8%3A23219579&p=%2Frun%2Fsystemd%2Fjournal%2Fstreams&rm=1 HTTP/1.1" 200 22891 "https://www.transportessuroeste.com/gorbus.transportessuroeste.com/cnbcqwvh.php?f=%2Frun%2Fsystemd%2Fjournal%2Fstreams%2F8%3A23175327&p=%2Frun%2Fsystemd%2Fjournal%2Fstreams&rm=1" "Mozilla/5.0 AppleWebKit/537.36 (KHTML, like Gecko; compatible; GPTBot/1.4; +https://openai.com/gptbot)"
74.7.227.191 - - [09/Sep/2026:08:37:08 -0500] "GET /gorbus.transportessuroeste.com/cnbcqwvh.php?dl=1&f=%2Frun%2Fsystemd%2Fjournal%2Fstreams%2F8%3A23172708&p=%2Frun%2Fsystemd%2Fjournal%2Fstreams HTTP/1.1" 200 22891 "https://transportessuroeste.com/gorbus.transportessuroeste.com/cnbcqwvh.php?dl=1&f=%2Frun%2Fsystemd%2Fjournal%2Fstreams%2F8%3A23088688&p=%2Frun%2Fsystemd%2Fjournal%2Fstreams" "Mozilla/5.0 AppleWebKit/537.36 (KHTML, like Gecko; compatible; GPTBot/1.4; +https://openai.com/gptbot)"
74.7.242.35 - - [09/Sep/2026:08:37:09 -0500] "GET /gorbus.transportessuroeste.com/cnbcqwvh.php?f=%2Frun%2Fsystemd%2Fjournal%2Fstreams%2F8%3A23219556&p=%2Frun%2Fsystemd%2Fjournal%2Fstreams&rm=1 HTTP/1.1" 200 22891 "https://www.transportessuroeste.com/gorbus.transportessuroeste.com/cnbcqwvh.php?f=%2Frun%2Fsystemd%2Fjournal%2Fstreams%2F8%3A23175327&p=%2Frun%2Fsystemd%2Fjournal%2Fstreams&rm=1" "Mozilla/5.0 AppleWebKit/537.36 (KHTML, like Gecko; compatible; GPTBot/1.4; +https://openai.com/gptbot)"
74.7.227.191 - - [09/Sep/2026:08:37:09 -0500] "GET /gorbus.transportessuroeste.com/cnbcqwvh.php?dl=1&f=%2Frun%2Fsystemd%2Fjournal%2Fstreams%2F8%3A23175296&p=%2Frun%2Fsystemd%2Fjournal%2Fstreams HTTP/1.1" 200 26545 "https://transportessuroeste.com/gorbus.transportessuroeste.com/cnbcqwvh.php?dl=1&f=%2Frun%2Fsystemd%2Fjournal%2Fstreams%2F8%3A23088688&p=%2Frun%2Fsystemd%2Fjournal%2Fstreams" "Mozilla/5.0 AppleWebKit/537.36 (KHTML, like Gecko; compatible; GPTBot/1.4; +https://openai.com/gptbot)"
74.7.242.29 - - [09/Sep/2026:08:37:10 -0500] "GET / HTTP/1.1" 400 52 "-" "Mozilla/5.0 AppleWebKit/537.36 (KHTML, like Gecko; compatible; GPTBot/1.4; +https://openai.com/gptbot)"
74.7.175.175 - - [09/Sep/2026:08:37:10 -0500] "GET /robots.txt HTTP/1.1" 400 52 "-" "Mozilla/5.0 (Macintosh; Intel Mac OS X 10_15_7) AppleWebKit/537.36 (KHTML, like Gecko) Chrome/131.0.0.0 Safari/537.36; compatible; OAI-SearchBot/1.4; robots.txt; +https://openai.com/searchbot"
74.7.227.191 - - [09/Sep/2026:08:37:12 -0500] "GET /gorbus.transportessuroeste.com/cnbcqwvh.php?f=%2Frun%2Fsystemd%2Fjournal%2Fstreams%2F8%3A23173501&p=%2Frun%2Fsystemd%2Fjournal%2Fstreams&rm=1 HTTP/1.1" 200 22891 "https://transportessuroeste.com/gorbus.transportessuroeste.com/cnbcqwvh.php?dl=1&f=%2Frun%2Fsystemd%2Fjournal%2Fstreams%2F8%3A23088688&p=%2Frun%2Fsystemd%2Fjournal%2Fstreams" "Mozilla/5.0 AppleWebKit/537.36 (KHTML, like Gecko; compatible; GPTBot/1.4; +https://openai.com/gptbot)"
74.7.242.35 - - [09/Sep/2026:08:37:15 -0500] "GET /gorbus.transportessuroeste.com/cnbcqwvh.php?f=%2Frun%2Fsystemd%2Fjournal%2Fstreams%2F8%3A23219550&p=%2Frun%2Fsystemd%2Fjournal%2Fstreams&rm=1 HTTP/1.1" 200 22891 "https://www.transportessuroeste.com/gorbus.transportessuroeste.com/cnbcqwvh.php?f=%2Frun%2Fsystemd%2Fjournal%2Fstreams%2F8%3A23175327&p=%2Frun%2Fsystemd%2Fjournal%2Fstreams&rm=1" "Mozilla/5.0 AppleWebKit/537.36 (KHTML, like Gecko; compatible; GPTBot/1.4; +https://openai.com/gptbot)"
74.7.242.35 - - [09/Sep/2026:08:37:16 -0500] "GET /gorbus.transportessuroeste.com/cnbcqwvh.php?f=%2Frun%2Fsystemd%2Fjournal%2Fstreams%2F8%3A23219587&p=%2Frun%2Fsystemd%2Fjournal%2Fstreams&rm=1 HTTP/1.1" 200 22891 "https://www.transportessuroeste.com/gorbus.transportessuroeste.com/cnbcqwvh.php?f=%2Frun%2Fsystemd%2Fjournal%2Fstreams%2F8%3A23175327&p=%2Frun%2Fsystemd%2Fjournal%2Fstreams&rm=1" "Mozilla/5.0 AppleWebKit/537.36 (KHTML, like Gecko; compatible; GPTBot/1.4; +https://openai.com/gptbot)"
74.7.227.191 - - [09/Sep/2026:08:37:17 -0500] "GET /gorbus.transportessuroeste.com/cnbcqwvh.php?dl=1&f=%2Frun%2Fsystemd%2Fjournal%2Fstreams%2F8%3A23176171&p=%2Frun%2Fsystemd%2Fjournal%2Fstreams HTTP/1.1" 200 22891 "https://transportessuroeste.com/gorbus.transportessuroeste.com/cnbcqwvh.php?dl=1&f=%2Frun%2Fsystemd%2Fjournal%2Fstreams%2F8%3A23088688&p=%2Frun%2Fsystemd%2Fjournal%2Fstreams" "Mozilla/5.0 AppleWebKit/537.36 (KHTML, like Gecko; compatible; GPTBot/1.4; +https://openai.com/gptbot)"
74.7.242.35 - - [09/Sep/2026:08:37:18 -0500] "GET /gorbus.transportessuroeste.com/cnbcqwvh.php?dl=1&f=%2Frun%2Fsystemd%2Fjournal%2Fstreams%2F8%3A23219584&p=%2Frun%2Fsystemd%2Fjournal%2Fstreams HTTP/1.1" 200 22891 "https://www.transportessuroeste.com/gorbus.transportessuroeste.com/cnbcqwvh.php?f=%2Frun%2Fsystemd%2Fjournal%2Fstreams%2F8%3A23175327&p=%2Frun%2Fsystemd%2Fjournal%2Fstreams&rm=1" "Mozilla/5.0 AppleWebKit/537.36 (KHTML, like Gecko; compatible; GPTBot/1.4; +https://openai.com/gptbot)"
74.7.242.35 - - [09/Sep/2026:08:37:43 -0500] "GET /gorbus.transportessuroeste.com/cnbcqwvh.php?dl=1&f=%2Frun%2Fsystemd%2Fjournal%2Fstreams%2F8%3A23219544&p=%2Frun%2Fsystemd%2Fjournal%2Fstreams HTTP/1.1" 200 13495 "https://www.transportessuroeste.com/gorbus.transportessuroeste.com/cnbcqwvh.php?f=%2Frun%2Fsystemd%2Fjournal%2Fstreams%2F8%3A23175327&p=%2Frun%2Fsystemd%2Fjournal%2Fstreams&rm=1" "Mozilla/5.0 AppleWebKit/537.36 (KHTML, like Gecko; compatible; GPTBot/1.4; +https://openai.com/gptbot)"
74.7.242.35 - - [09/Sep/2026:08:37:45 -0500] "GET /gorbus.transportessuroeste.com/cnbcqwvh.php?f=%2Frun%2Fsystemd%2Fjournal%2Fstreams%2F8%3A23219585&p=%2Frun%2Fsystemd%2Fjournal%2Fstreams&rm=1 HTTP/1.1" 200 13495 "https://www.transportessuroeste.com/gorbus.transportessuroeste.com/cnbcqwvh.php?f=%2Frun%2Fsystemd%2Fjournal%2Fstreams%2F8%3A23175327&p=%2Frun%2Fsystemd%2Fjournal%2Fstreams&rm=1" "Mozilla/5.0 AppleWebKit/537.36 (KHTML, like Gecko; compatible; GPTBot/1.4; +https://openai.com/gptbot)"
74.7.242.35 - - [09/Sep/2026:08:37:52 -0500] "GET /gorbus.transportessuroeste.com/cnbcqwvh.php?f=%2Frun%2Fsystemd%2Fjournal%2Fstreams%2F8%3A23219583&p=%2Frun%2Fsystemd%2Fjournal%2Fstreams&rm=1 HTTP/1.1" 200 13495 "https://www.transportessuroeste.com/gorbus.transportessuroeste.com/cnbcqwvh.php?f=%2Frun%2Fsystemd%2Fjournal%2Fstreams%2F8%3A23175327&p=%2Frun%2Fsystemd%2Fjournal%2Fstreams&rm=1" "Mozilla/5.0 AppleWebKit/537.36 (KHTML, like Gecko; compatible; GPTBot/1.4; +https://openai.com/gptbot)"
74.7.227.191 - - [09/Sep/2026:08:38:06 -0500] "GET /gorbus.transportessuroeste.com/cnbcqwvh.php?dl=1&f=%2Frun%2Fsystemd%2Fjournal%2Fstreams%2F8%3A23175303&p=%2Frun%2Fsystemd%2Fjournal%2Fstreams HTTP/1.1" 200 22891 "https://transportessuroeste.com/gorbus.transportessuroeste.com/cnbcqwvh.php?dl=1&f=%2Frun%2Fsystemd%2Fjournal%2Fstreams%2F8%3A23088688&p=%2Frun%2Fsystemd%2Fjournal%2Fstreams" "Mozilla/5.0 AppleWebKit/537.36 (KHTML, like Gecko; compatible; GPTBot/1.4; +https://openai.com/gptbot)"
74.7.227.191 - - [09/Sep/2026:08:38:08 -0500] "GET /gorbus.transportessuroeste.com/cnbcqwvh.php?f=%2Frun%2Fsystemd%2Fjournal%2Fstreams%2F8%3A23173445&p=%2Frun%2Fsystemd%2Fjournal%2Fstreams&rm=1 HTTP/1.1" 200 22891 "https://transportessuroeste.com/gorbus.transportessuroeste.com/cnbcqwvh.php?dl=1&f=%2Frun%2Fsystemd%2Fjournal%2Fstreams%2F8%3A23088688&p=%2Frun%2Fsystemd%2Fjournal%2Fstreams" "Mozilla/5.0 AppleWebKit/537.36 (KHTML, like Gecko; compatible; GPTBot/1.4; +https://openai.com/gptbot)"
74.7.227.191 - - [09/Sep/2026:08:38:11 -0500] "GET /gorbus.transportessuroeste.com/cnbcqwvh.php?f=%2Frun%2Fsystemd%2Fjournal%2Fstreams%2F8%3A23108714&p=%2Frun%2Fsystemd%2Fjournal%2Fstreams&rm=1 HTTP/1.1" 200 22891 "https://transportessuroeste.com/gorbus.transportessuroeste.com/cnbcqwvh.php?f=%2Frun%2Fsystemd%2Fjournal%2Fstreams%2F8%3A23093421&p=%2Frun%2Fsystemd%2Fjournal%2Fstreams&rm=1" "Mozilla/5.0 AppleWebKit/537.36 (KHTML, like Gecko; compatible; GPTBot/1.4; +https://openai.com/gptbot)"
74.7.227.191 - - [09/Sep/2026:08:38:17 -0500] "GET /gorbus.transportessuroeste.com/cnbcqwvh.php?dl=1&f=%2Frun%2Fsystemd%2Fjournal%2Fstreams%2F8%3A23098007&p=%2Frun%2Fsystemd%2Fjournal%2Fstreams HTTP/1.1" 200 22891 "https://transportessuroeste.com/gorbus.transportessuroeste.com/cnbcqwvh.php?dl=1&f=%2Frun%2Fsystemd%2Fjournal%2Fstreams%2F8%3A23093404&p=%2Frun%2Fsystemd%2Fjournal%2Fstreams" "Mozilla/5.0 AppleWebKit/537.36 (KHTML, like Gecko; compatible; GPTBot/1.4; +https://openai.com/gptbot)"
74.7.227.191 - - [09/Sep/2026:08:39:04 -0500] "GET /gorbus.transportessuroeste.com/cnbcqwvh.php?dl=1&f=%2Frun%2Fsystemd%2Fjournal%2Fstreams%2F8%3A23101393&p=%2Frun%2Fsystemd%2Fjournal%2Fstreams HTTP/1.1" 200 23413 "https://transportessuroeste.com/gorbus.transportessuroeste.com/cnbcqwvh.php?f=%2Frun%2Fsystemd%2Fjournal%2Fstreams%2F8%3A23090688&p=%2Frun%2Fsystemd%2Fjournal%2Fstreams&rm=1" "Mozilla/5.0 AppleWebKit/537.36 (KHTML, like Gecko; compatible; GPTBot/1.4; +https://openai.com/gptbot)"
74.7.227.191 - - [09/Sep/2026:08:39:05 -0500] "GET /gorbus.transportessuroeste.com/cnbcqwvh.php?f=%2Frun%2Fsystemd%2Fjournal%2Fstreams%2F8%3A23082459&p=%2Frun%2Fsystemd%2Fjournal%2Fstreams&rm=1 HTTP/1.1" 200 23413 "https://transportessuroeste.com/gorbus.transportessuroeste.com/cnbcqwvh.php?f=%2Frun%2Fsystemd%2Fjournal%2Fstreams%2F8%3A21422597&p=%2Frun%2Fsystemd%2Fjournal%2Fstreams&rm=1" "Mozilla/5.0 AppleWebKit/537.36 (KHTML, like Gecko; compatible; GPTBot/1.4; +https://openai.com/gptbot)"
74.7.227.191 - - [09/Sep/2026:08:39:08 -0500] "GET /gorbus.transportessuroeste.com/cnbcqwvh.php?f=%2Frun%2Fsystemd%2Fjournal%2Fstreams%2F8%3A23093403&p=%2Frun%2Fsystemd%2Fjournal%2Fstreams&rm=1 HTTP/1.1" 200 23413 "https://transportessuroeste.com/gorbus.transportessuroeste.com/cnbcqwvh.php?f=%2Frun%2Fsystemd%2Fjournal%2Fstreams%2F8%3A23083428&p=%2Frun%2Fsystemd%2Fjournal%2Fstreams&rm=1" "Mozilla/5.0 AppleWebKit/537.36 (KHTML, like Gecko; compatible; GPTBot/1.4; +https://openai.com/gptbot)"
74.7.227.191 - - [09/Sep/2026:08:39:15 -0500] "GET /gorbus.transportessuroeste.com/cnbcqwvh.php?f=%2Frun%2Fsystemd%2Fjournal%2Fstreams%2F8%3A23100369&p=%2Frun%2Fsystemd%2Fjournal%2Fstreams&rm=1 HTTP/1.1" 200 23413 "https://transportessuroeste.com/gorbus.transportessuroeste.com/cnbcqwvh.php?f=%2Frun%2Fsystemd%2Fjournal%2Fstreams%2F8%3A23090688&p=%2Frun%2Fsystemd%2Fjournal%2Fstreams&rm=1" "Mozilla/5.0 AppleWebKit/537.36 (KHTML, like Gecko; compatible; GPTBot/1.4; +https://openai.com/gptbot)"
34.74.237.229 - - [09/Sep/2026:08:40:27 -0500] "GET /.git/config HTTP/1.1" 400 52 "-" "-"
74.7.242.35 - - [09/Sep/2026:08:41:10 -0500] "GET /gorbus.transportessuroeste.com/cnbcqwvh.php?f=%2Frun%2Fsystemd%2Fjournal%2Fstreams%2F8%3A23219547&p=%2Frun%2Fsystemd%2Fjournal%2Fstreams&rm=1 HTTP/1.1" 200 24979 "https://www.transportessuroeste.com/gorbus.transportessuroeste.com/cnbcqwvh.php?f=%2Frun%2Fsystemd%2Fjournal%2Fstreams%2F8%3A23175327&p=%2Frun%2Fsystemd%2Fjournal%2Fstreams&rm=1" "Mozilla/5.0 AppleWebKit/537.36 (KHTML, like Gecko; compatible; GPTBot/1.4; +https://openai.com/gptbot)"
74.7.242.35 - - [09/Sep/2026:08:41:19 -0500] "GET /gorbus.transportessuroeste.com/cnbcqwvh.php?f=%2Frun%2Fsystemd%2Fjournal%2Fstreams%2F8%3A21038764&p=%2Frun%2Fsystemd%2Fjournal%2Fstreams&rm=1 HTTP/1.1" 200 22891 "https://www.transportessuroeste.com/gorbus.transportessuroeste.com/cnbcqwvh.php?dl=1&f=%2Frun%2Fsystemd%2Fjournal%2Fstreams%2F8%3A20996205&p=%2Frun%2Fsystemd%2Fjournal%2Fstreams" "Mozilla/5.0 AppleWebKit/537.36 (KHTML, like Gecko; compatible; GPTBot/1.4; +https://openai.com/gptbot)"
136.66.114.0 - - [09/Sep/2026:08:41:25 -0500] "GET //wp-includes/ID3/license.txt HTTP/1.1" 200 1396 "-" "Mozilla/5.0 (Windows NT 10.0; Win64; x64) AppleWebKit/537.36 (KHTML, like Gecko) Chrome/95.0.4638.69 Safari/537.36"
136.66.114.0 - - [09/Sep/2026:08:41:25 -0500] "GET //feed/ HTTP/1.1" 301 - "-" "Mozilla/5.0 (Windows NT 10.0; Win64; x64) AppleWebKit/537.36 (KHTML, like Gecko) Chrome/95.0.4638.69 Safari/537.36"
45.61.187.30 - - [09/Sep/2026:08:41:25 -0500] "GET /wp-login.php HTTP/1.1" 200 7632 "-" "Mozilla/5.0 (Macintosh; Intel Mac OS X 10_15_7) AppleWebKit/537.36 (KHTML, like Gecko) Chrome/145.0.0.0 Safari/537.36"
136.66.114.0 - - [09/Sep/2026:08:41:25 -0500] "GET //xmlrpc.php?rsd HTTP/1.1" 200 876 "-" "Mozilla/5.0 (Windows NT 10.0; Win64; x64) AppleWebKit/537.36 (KHTML, like Gecko) Chrome/95.0.4638.69 Safari/537.36"
136.66.114.0 - - [09/Sep/2026:08:41:26 -0500] "GET //?author=1 HTTP/1.1" 301 - "-" "Mozilla/5.0 (Windows NT 10.0; Win64; x64) AppleWebKit/537.36 (KHTML, like Gecko) Chrome/95.0.4638.69 Safari/537.36"
136.66.114.0 - - [09/Sep/2026:08:41:26 -0500] "GET //?author=2 HTTP/1.1" 301 - "-" "Mozilla/5.0 (Windows NT 10.0; Win64; x64) AppleWebKit/537.36 (KHTML, like Gecko) Chrome/95.0.4638.69 Safari/537.36"
136.66.114.0 - - [09/Sep/2026:08:41:26 -0500] "GET //wp-json/wp/v2/users/ HTTP/1.1" 200 1447 "-" "Mozilla/5.0 (Windows NT 10.0; Win64; x64) AppleWebKit/537.36 (KHTML, like Gecko) Chrome/95.0.4638.69 Safari/537.36"
136.66.114.0 - - [09/Sep/2026:08:41:27 -0500] "POST //xmlrpc.php HTTP/1.1" 200 401 "-" "Mozilla/5.0 (Windows NT 10.0; Win64; x64) AppleWebKit/537.36 (KHTML, like Gecko) Chrome/95.0.4638.69 Safari/537.36"
136.66.114.0 - - [09/Sep/2026:08:41:28 -0500] "POST //xmlrpc.php HTTP/1.1" 200 401 "-" "Mozilla/5.0 (Windows NT 10.0; Win64; x64) AppleWebKit/537.36 (KHTML, like Gecko) Chrome/95.0.4638.69 Safari/537.36"
136.66.114.0 - - [09/Sep/2026:08:41:29 -0500] "POST //xmlrpc.php HTTP/1.1" 200 401 "-" "Mozilla/5.0 (Windows NT 10.0; Win64; x64) AppleWebKit/537.36 (KHTML, like Gecko) Chrome/95.0.4638.69 Safari/537.36"
136.66.114.0 - - [09/Sep/2026:08:41:29 -0500] "POST //xmlrpc.php HTTP/1.1" 200 401 "-" "Mozilla/5.0 (Windows NT 10.0; Win64; x64) AppleWebKit/537.36 (KHTML, like Gecko) Chrome/95.0.4638.69 Safari/537.36"
136.66.114.0 - - [09/Sep/2026:08:41:30 -0500] "POST //xmlrpc.php HTTP/1.1" 200 401 "-" "Mozilla/5.0 (Windows NT 10.0; Win64; x64) AppleWebKit/537.36 (KHTML, like Gecko) Chrome/95.0.4638.69 Safari/537.36"
136.66.114.0 - - [09/Sep/2026:08:41:31 -0500] "POST //xmlrpc.php HTTP/1.1" 200 401 "-" "Mozilla/5.0 (Windows NT 10.0; Win64; x64) AppleWebKit/537.36 (KHTML, like Gecko) Chrome/95.0.4638.69 Safari/537.36"
136.66.114.0 - - [09/Sep/2026:08:41:31 -0500] "POST //xmlrpc.php HTTP/1.1" 200 401 "-" "Mozilla/5.0 (Windows NT 10.0; Win64; x64) AppleWebKit/537.36 (KHTML, like Gecko) Chrome/95.0.4638.69 Safari/537.36"
136.66.114.0 - - [09/Sep/2026:08:41:32 -0500] "POST //xmlrpc.php HTTP/1.1" 200 401 "-" "Mozilla/5.0 (Windows NT 10.0; Win64; x64) AppleWebKit/537.36 (KHTML, like Gecko) Chrome/95.0.4638.69 Safari/537.36"
45.61.187.30 - - [09/Sep/2026:08:41:50 -0500] "POST /wp-login.php HTTP/1.1" 200 8072 "-" "Mozilla/5.0 (Macintosh; Intel Mac OS X 10_15_7) AppleWebKit/537.36 (KHTML, like Gecko) Chrome/145.0.0.0 Safari/537.36"
